{"id":98748,"date":"2023-11-09T23:05:57","date_gmt":"2023-11-09T23:05:57","guid":{"rendered":"https:\/\/ucm.one\/?post_type=product&#038;p=98748"},"modified":"2026-01-12T16:34:11","modified_gmt":"2026-01-12T16:34:11","slug":"das-standhotel","status":"publish","type":"product","link":"https:\/\/ucm.one\/de\/produkt\/das-standhotel\/","title":{"rendered":"Das Standhotel"},"content":{"rendered":"<div class=\"wpb_text_column wpb_content_element \">\n<div class=\"wpb_wrapper\">\n<div class=\"\">\n<div class=\"wpb_text_column wpb_content_element \">\n<div class=\"wpb_wrapper\">\n<div>\n<p class=\"normal\">Jahr f\u00fcr Jahr treffen sich in dem kleinen franz\u00f6sischen Badeort Locquirec in einem Strandhotel Menschen aller Altersgruppen. Und jeder l\u00e4sst es auf seine Weise krachen.<\/p>\n<\/div>\n<p>Was den Erwachsenen recht ist, ist der Jugend nur billig. W\u00e4hrend die Gro\u00dfen im Urlaub z\u00e4rtlich zueinander sind und heimlich nach den Tischnachbarn schielen, sind die Kinder in den Ferien ausgelassen und stellen so manche Dummheit an. Jugendliche, die sich wie Erwachsene benehmen und Erwachsene, die zu Kindern werden\u2026<\/p>\n<\/div>\n<\/div>\n<\/div>\n<\/div>\n<\/div>\n<div><div class=\"gap\" style=\"line-height: 20px; height: 20px;\"><\/div><\/div>\n<h5>Weitere Informationen<\/h5>\n<div>\n<div>\n<table style=\"height: 46px; width: 100%; border-collapse: collapse; border-color: #ffffff; background-color: #ffffff; border-style: hidden;\">\n<tbody>\n<tr style=\"height: 23px;\">\n<td style=\"width: 4.701195219123506%; height: 23px; border-style: hidden;\">Label:<\/td>\n<td style=\"width: 95.29880478087651%; height: 23px; border-style: hidden;\"><a title=\"\u00c9dition ParaSol Videoth\u00e8que\" href=\"https:\/\/ucm.one\/de\/film-labels\/artkeim\/#edition-parasol-videotheque\">\u00c9dition ParaSol Videoth\u00e8que<\/a> \/ <a title=\"B-Spree Classics\" href=\"https:\/\/ucm.one\/de\/film-labels\/artkeim\/\">Artkeim\u00b2<\/a><\/td>\n<\/tr>\n<\/tbody>\n<\/table>\n<\/div>\n<div><\/div>\n<\/div>\n<div>\n<div><div class=\"gap\" style=\"line-height: 10px; height: 10px;\"><\/div><\/div>\n<div>\u2117 1978 <strong>Productions 2000<\/strong>, <strong>Soci\u00e9t\u00e9 des \u00c9tablissements L. Gaumont<\/strong>, \u00a9 2023 <strong>Edition ParaSol Videoth\u00e8que<\/strong>\u00a0\/ <strong>Artkeim\u00b2<\/strong> \/\u00a0<span style=\"font-family: 'arial black', sans-serif;\"><strong>UCM.ONE <\/strong><\/span><\/div>\n<div><div class=\"gap\" style=\"line-height: 20px; height: 20px;\"><\/div><\/div>\n<div>\n<div><\/div>\n<div>\n<div><div class=\"gap\" style=\"line-height: 10px; height: 10px;\"><\/div><\/div>\n<div><span style=\"color: #003a80;\"><strong>\u27a0 <a style=\"color: #003a80;\" href=\"https:\/\/ucm.one\/de\/produkt-kategorie\/art-de\/filme-de\/\">zum Shop<\/a><\/strong><\/span><\/div>\n<div><div class=\"gap\" style=\"line-height: 20px; height: 20px;\"><\/div><\/div>\n<\/div>\n<\/div>\n<\/div>\n","protected":false},"excerpt":{"rendered":"<p>Regie: <a title=\"\" href=\"https:\/\/ucm.one\/de\/?s=%22Michel+Lang%22&amp;post_type=product\"><strong>Michel Lang<\/strong><\/a><\/p>\n<p>Label: <strong><a title=\"\" href=\"https:\/\/ucm.one\/de\/produkt-kategorie\/label-film-de\/artkeim-de\/edition-parasol-videotheque-de\/\">\u00c9dition ParaSol Videoth\u00e8que\u00a0<\/a>\/ <a href=\"https:\/\/ucm.one\/de\/produkt-kategorie\/label-film-de\/artkeim-de\/\">Artkeim\u00b2<\/a><\/strong><\/p>\n<p>Art:\u00a0<strong><a href=\"https:\/\/ucm.one\/de\/produkt-kategorie\/art-de\/filme-de\/\">Film<\/a> (<a title=\"\" href=\"https:\/\/ucm.one\/de\/produkt-kategorie\/genre-film-de\/klassiker-de\/\">Klassiker<\/a>)<\/strong><\/p>\n<p>Genre: <b><a title=\"Liebe + Beziehung\" href=\"https:\/\/ucm.one\/de\/produkt-kategorie\/genre-film-de\/komoedie-de\/\">Kom\u00f6die<\/a>, <a title=\"Liebe + Beziehung\" href=\"https:\/\/ucm.one\/de\/produkt-kategorie\/genre-film-de\/familie-de\/\">Familie<\/a><\/b><\/p>\n<p>Jahr: <strong>2023<\/strong><\/p>\n<p>FSK: <strong>12<\/strong><\/p>\n<p>Format: <strong>Diverse<\/strong><\/p>\n","protected":false},"featured_media":98895,"comment_status":"open","ping_status":"closed","template":"","meta":{"_acf_changed":false},"product_brand":[],"product_cat":[10338,10344,10356,10360,12093,9708,13156,10331],"product_tag":[16844,16855,16845,16846,16847,16848,16849,16850,16851,12204,16852,16853,16843,16854],"class_list":{"0":"post-98748","1":"product","2":"type-product","3":"status-publish","4":"has-post-thumbnail","6":"product_cat-artkeim-de","7":"product_cat-edition-parasol-videotheque-de","8":"product_cat-komoedie-de","9":"product_cat-familie-de","10":"product_cat-klassiker-de","11":"product_cat-filme-de","12":"product_cat-arthouse-de","13":"product_cat-dvd-de","14":"product_tag-lhotel-de-la-plage","15":"product_tag-bernard-soufflet","16":"product_tag-michel-lang","17":"product_tag-sophie-barjac","18":"product_tag-myriam-boyer","19":"product_tag-anne-parillaud","20":"product_tag-guy-marchand","21":"product_tag-daniel-ceccaldi","22":"product_tag-michele-grellier","23":"product_tag-gaumont","24":"product_tag-bruno-guillain","25":"product_tag-michele-robin","26":"product_tag-das-strandhotel","27":"product_tag-martin-sarcey","28":"product_shipping_class-bd-2","29":"pa_format-dvd","30":"pa_format-blu-ray-de","31":"description-off","33":"first","34":"instock","35":"taxable","36":"shipping-taxable","37":"purchasable","38":"product-type-variable"},"acf":[],"yoast_head":"<!-- This site is optimized with the Yoast SEO plugin v27.5 - https:\/\/yoast.com\/product\/yoast-seo-wordpress\/ -->\n<title>Das Strandhotel<\/title>\n<meta name=\"description\" content=\"Shop | Das Strandhotel | 2023 | Edition ParaSol Videoth\u00e8que \/ Artkeim\u00b2 | Blu-Ray, DVD | FSK 12\" \/>\n<meta name=\"robots\" content=\"index, follow, max-snippet:-1, max-image-preview:large, max-video-preview:-1\" \/>\n<link rel=\"canonical\" href=\"https:\/\/ucm.one\/de\/produkt\/das-standhotel\/\" \/>\n<meta property=\"og:locale\" content=\"de_DE\" \/>\n<meta property=\"og:type\" content=\"article\" \/>\n<meta property=\"og:title\" content=\"Das Strandhotel\" \/>\n<meta property=\"og:description\" content=\"Shop | Das Strandhotel | 2023 | Edition ParaSol Videoth\u00e8que \/ Artkeim\u00b2 | Blu-Ray, DVD | FSK 12\" \/>\n<meta property=\"og:url\" content=\"https:\/\/ucm.one\/de\/produkt\/das-standhotel\/\" \/>\n<meta property=\"og:site_name\" content=\"UCM.ONE\" \/>\n<meta property=\"article:modified_time\" content=\"2026-01-12T16:34:11+00:00\" \/>\n<meta property=\"og:image\" content=\"https:\/\/ucm.one\/wp-content\/uploads\/2023\/11\/C-Das-Strandhotel-DVD-2D-FSK12.jpg\" \/>\n<meta name=\"twitter:card\" content=\"summary_large_image\" \/>\n<meta name=\"twitter:title\" content=\"Das Strandhotel\" \/>\n<meta name=\"twitter:description\" content=\"Shop | Das Strandhotel | 2023 | Edition ParaSol Videoth\u00e8que \/ Artkeim\u00b2 | Blu-Ray, DVD | FSK 12\" \/>\n<meta name=\"twitter:image\" content=\"https:\/\/ucm.one\/wp-content\/uploads\/2023\/11\/C-Das-Strandhotel-DVD-2D-FSK12.jpg\" \/>\n<meta name=\"twitter:label1\" content=\"Gesch\u00e4tzte Lesezeit\" \/>\n\t<meta name=\"twitter:data1\" content=\"1\u00a0Minute\" \/>\n<!-- \/ Yoast SEO plugin. -->","yoast_head_json":{"title":"Das Strandhotel","description":"Shop | Das Strandhotel | 2023 | Edition ParaSol Videoth\u00e8que \/ Artkeim\u00b2 | Blu-Ray, DVD | FSK 12","robots":{"index":"index","follow":"follow","max-snippet":"max-snippet:-1","max-image-preview":"max-image-preview:large","max-video-preview":"max-video-preview:-1"},"canonical":"https:\/\/ucm.one\/de\/produkt\/das-standhotel\/","og_locale":"de_DE","og_type":"article","og_title":"Das Strandhotel","og_description":"Shop | Das Strandhotel | 2023 | Edition ParaSol Videoth\u00e8que \/ Artkeim\u00b2 | Blu-Ray, DVD | FSK 12","og_url":"https:\/\/ucm.one\/de\/produkt\/das-standhotel\/","og_site_name":"UCM.ONE","article_modified_time":"2026-01-12T16:34:11+00:00","og_image":[{"url":"https:\/\/ucm.one\/wp-content\/uploads\/2023\/11\/C-Das-Strandhotel-DVD-2D-FSK12.jpg","type":"","width":"","height":""}],"twitter_card":"summary_large_image","twitter_title":"Das Strandhotel","twitter_description":"Shop | Das Strandhotel | 2023 | Edition ParaSol Videoth\u00e8que \/ Artkeim\u00b2 | Blu-Ray, DVD | FSK 12","twitter_image":"https:\/\/ucm.one\/wp-content\/uploads\/2023\/11\/C-Das-Strandhotel-DVD-2D-FSK12.jpg","twitter_misc":{"Gesch\u00e4tzte Lesezeit":"1\u00a0Minute"},"schema":{"@context":"https:\/\/schema.org","@graph":[{"@type":"WebPage","@id":"https:\/\/ucm.one\/de\/produkt\/das-standhotel\/","url":"https:\/\/ucm.one\/de\/produkt\/das-standhotel\/","name":"Das Strandhotel","isPartOf":{"@id":"https:\/\/ucm.one\/de\/#website"},"primaryImageOfPage":{"@id":"https:\/\/ucm.one\/de\/produkt\/das-standhotel\/#primaryimage"},"image":{"@id":"https:\/\/ucm.one\/de\/produkt\/das-standhotel\/#primaryimage"},"thumbnailUrl":"https:\/\/ucm.one\/wp-content\/uploads\/2023\/11\/C-Das-Strandhotel-DVD-2D-FSK12.jpg","datePublished":"2023-11-09T23:05:57+00:00","dateModified":"2026-01-12T16:34:11+00:00","description":"Shop | Das Strandhotel | 2023 | Edition ParaSol Videoth\u00e8que \/ Artkeim\u00b2 | Blu-Ray, DVD | FSK 12","breadcrumb":{"@id":"https:\/\/ucm.one\/de\/produkt\/das-standhotel\/#breadcrumb"},"inLanguage":"de","potentialAction":[{"@type":"ReadAction","target":["https:\/\/ucm.one\/de\/produkt\/das-standhotel\/"]}]},{"@type":"ImageObject","inLanguage":"de","@id":"https:\/\/ucm.one\/de\/produkt\/das-standhotel\/#primaryimage","url":"https:\/\/ucm.one\/wp-content\/uploads\/2023\/11\/C-Das-Strandhotel-DVD-2D-FSK12.jpg","contentUrl":"https:\/\/ucm.one\/wp-content\/uploads\/2023\/11\/C-Das-Strandhotel-DVD-2D-FSK12.jpg","width":699,"height":1000},{"@type":"BreadcrumbList","@id":"https:\/\/ucm.one\/de\/produkt\/das-standhotel\/#breadcrumb","itemListElement":[{"@type":"ListItem","position":1,"name":"Home","item":"https:\/\/ucm.one\/de\/"},{"@type":"ListItem","position":2,"name":"Shop","item":"https:\/\/ucm.one\/de\/shop\/"},{"@type":"ListItem","position":3,"name":"Das Standhotel"}]},{"@type":"WebSite","@id":"https:\/\/ucm.one\/de\/#website","url":"https:\/\/ucm.one\/de\/","name":"UCM.ONE","description":"","publisher":{"@id":"https:\/\/ucm.one\/de\/#organization"},"potentialAction":[{"@type":"SearchAction","target":{"@type":"EntryPoint","urlTemplate":"https:\/\/ucm.one\/de\/?s={search_term_string}"},"query-input":{"@type":"PropertyValueSpecification","valueRequired":true,"valueName":"search_term_string"}}],"inLanguage":"de"},{"@type":"Organization","@id":"https:\/\/ucm.one\/de\/#organization","name":"UCM.ONE","url":"https:\/\/ucm.one\/de\/","logo":{"@type":"ImageObject","inLanguage":"de","@id":"https:\/\/ucm.one\/de\/#\/schema\/logo\/image\/","url":"https:\/\/ucm.one\/wp-content\/uploads\/2019\/10\/UCM.ONE-Logo-RGB.svg","contentUrl":"https:\/\/ucm.one\/wp-content\/uploads\/2019\/10\/UCM.ONE-Logo-RGB.svg","width":1,"height":1,"caption":"UCM.ONE"},"image":{"@id":"https:\/\/ucm.one\/de\/#\/schema\/logo\/image\/"}}]}},"_links":{"self":[{"href":"https:\/\/ucm.one\/de\/wp-json\/wp\/v2\/product\/98748","targetHints":{"allow":["GET"]}}],"collection":[{"href":"https:\/\/ucm.one\/de\/wp-json\/wp\/v2\/product"}],"about":[{"href":"https:\/\/ucm.one\/de\/wp-json\/wp\/v2\/types\/product"}],"replies":[{"embeddable":true,"href":"https:\/\/ucm.one\/de\/wp-json\/wp\/v2\/comments?post=98748"}],"wp:featuredmedia":[{"embeddable":true,"href":"https:\/\/ucm.one\/de\/wp-json\/wp\/v2\/media\/98895"}],"wp:attachment":[{"href":"https:\/\/ucm.one\/de\/wp-json\/wp\/v2\/media?parent=98748"}],"wp:term":[{"taxonomy":"product_brand","embeddable":true,"href":"https:\/\/ucm.one\/de\/wp-json\/wp\/v2\/product_brand?post=98748"},{"taxonomy":"product_cat","embeddable":true,"href":"https:\/\/ucm.one\/de\/wp-json\/wp\/v2\/product_cat?post=98748"},{"taxonomy":"product_tag","embeddable":true,"href":"https:\/\/ucm.one\/de\/wp-json\/wp\/v2\/product_tag?post=98748"}],"curies":[{"name":"wp","href":"https:\/\/api.w.org\/{rel}","templated":true}]}}

<div class="wpb_text_column wpb_content_element ">
<div class="wpb_wrapper">
<div class="">
<div class="wpb_text_column wpb_content_element ">
<div class="wpb_wrapper">
<div>
<p class="normal">Jahr für Jahr treffen sich in dem kleinen französischen Badeort Locquirec in einem Strandhotel Menschen aller Altersgruppen. Und jeder lässt es auf seine Weise krachen.</p>
</div>
<p>Was den Erwachsenen recht ist, ist der Jugend nur billig. Während die Großen im Urlaub zärtlich zueinander sind und heimlich nach den Tischnachbarn schielen, sind die Kinder in den Ferien ausgelassen und stellen so manche Dummheit an. Jugendliche, die sich wie Erwachsene benehmen und Erwachsene, die zu Kindern werden…</p>
</div>
</div>
</div>
</div>
</div>
<div><div class="gap" style="line-height: 20px; height: 20px;"></div></div>
<h5>Weitere Informationen</h5>
<div>
<div>
<table style="height: 46px; width: 100%; border-collapse: collapse; border-color: #ffffff; background-color: #ffffff; border-style: hidden;">
<tbody>
<tr style="height: 23px;">
<td style="width: 4.701195219123506%; height: 23px; border-style: hidden;">Label:</td>
<td style="width: 95.29880478087651%; height: 23px; border-style: hidden;"><a title="Édition ParaSol Videothèque" href="https://ucm.one/de/film-labels/artkeim/#edition-parasol-videotheque">Édition ParaSol Videothèque</a> / <a title="B-Spree Classics" href="https://ucm.one/de/film-labels/artkeim/">Artkeim²</a></td>
</tr>
</tbody>
</table>
</div>
<div></div>
</div>
<div>
<div><div class="gap" style="line-height: 10px; height: 10px;"></div></div>
<div>℗ 1978 <strong>Productions 2000</strong>, <strong>Société des Établissements L. Gaumont</strong>, © 2023 <strong>Edition ParaSol Videothèque</strong> / <strong>Artkeim²</strong> / <span style="font-family: 'arial black', sans-serif;"><strong>UCM.ONE </strong></span></div>
<div><div class="gap" style="line-height: 20px; height: 20px;"></div></div>
<div>
<div></div>
<div>
<div><div class="gap" style="line-height: 10px; height: 10px;"></div></div>
<div><span style="color: #003a80;"><strong>➠ <a style="color: #003a80;" href="https://ucm.one/de/produkt-kategorie/art-de/filme-de/">zum Shop</a></strong></span></div>
<div><div class="gap" style="line-height: 20px; height: 20px;"></div></div>
</div>
</div>
</div>

<p>Regie: <a title="" href="https://ucm.one/de/?s=%22Michel+Lang%22&amp;post_type=product"><strong>Michel Lang</strong></a></p>
<p>Label: <strong><a title="" href="https://ucm.one/de/produkt-kategorie/label-film-de/artkeim-de/edition-parasol-videotheque-de/">Édition ParaSol Videothèque </a>/ <a href="https://ucm.one/de/produkt-kategorie/label-film-de/artkeim-de/">Artkeim²</a></strong></p>
<p>Art: <strong><a href="https://ucm.one/de/produkt-kategorie/art-de/filme-de/">Film</a> (<a title="" href="https://ucm.one/de/produkt-kategorie/genre-film-de/klassiker-de/">Klassiker</a>)</strong></p>
<p>Genre: <b><a title="Liebe + Beziehung" href="https://ucm.one/de/produkt-kategorie/genre-film-de/komoedie-de/">Komödie</a>, <a title="Liebe + Beziehung" href="https://ucm.one/de/produkt-kategorie/genre-film-de/familie-de/">Familie</a></b></p>
<p>Jahr: <strong>2023</strong></p>
<p>FSK: <strong>12</strong></p>
<p>Format: <strong>Diverse</strong></p>

<!-- This site is optimized with the Yoast SEO plugin v27.5 - https://yoast.com/product/yoast-seo-wordpress/ -->
<title>Das Strandhotel</title>
<meta name="description" content="Shop | Das Strandhotel | 2023 | Edition ParaSol Videothèque / Artkeim² | Blu-Ray, DVD | FSK 12" />
<meta name="robots" content="index, follow, max-snippet:-1, max-image-preview:large, max-video-preview:-1" />
<link rel="canonical" href="https://ucm.one/de/produkt/das-standhotel/" />
<meta property="og:locale" content="de_DE" />
<meta property="og:type" content="article" />
<meta property="og:title" content="Das Strandhotel" />
<meta property="og:description" content="Shop | Das Strandhotel | 2023 | Edition ParaSol Videothèque / Artkeim² | Blu-Ray, DVD | FSK 12" />
<meta property="og:url" content="https://ucm.one/de/produkt/das-standhotel/" />
<meta property="og:site_name" content="UCM.ONE" />
<meta property="article:modified_time" content="2026-01-12T16:34:11+00:00" />
<meta property="og:image" content="https://ucm.one/wp-content/uploads/2023/11/C-Das-Strandhotel-DVD-2D-FSK12.jpg" />
<meta name="twitter:card" content="summary_large_image" />
<meta name="twitter:title" content="Das Strandhotel" />
<meta name="twitter:description" content="Shop | Das Strandhotel | 2023 | Edition ParaSol Videothèque / Artkeim² | Blu-Ray, DVD | FSK 12" />
<meta name="twitter:image" content="https://ucm.one/wp-content/uploads/2023/11/C-Das-Strandhotel-DVD-2D-FSK12.jpg" />
<meta name="twitter:label1" content="Geschätzte Lesezeit" />
	<meta name="twitter:data1" content="1 Minute" />
<!-- / Yoast SEO plugin. -->

Shop | Das Strandhotel | 2023 | Edition ParaSol Videothèque / Artkeim² | Blu-Ray, DVD | FSK 12
