{"id":95016,"date":"2023-06-17T22:35:14","date_gmt":"2023-06-17T22:35:14","guid":{"rendered":"https:\/\/ucm.one\/?post_type=product&#038;p=95016"},"modified":"2025-10-11T18:17:32","modified_gmt":"2025-10-11T18:17:32","slug":"der-hauptmann-und-sein-held","status":"publish","type":"product","link":"https:\/\/ucm.one\/de\/produkt\/der-hauptmann-und-sein-held\/","title":{"rendered":"Der Hauptmann und sein Held"},"content":{"rendered":"<div class=\"wpb_text_column wpb_content_element \">\n<div class=\"wpb_wrapper\">\n<div class=\"\">\n<div class=\"wpb_text_column wpb_content_element \">\n<div class=\"wpb_wrapper\">\n<p>Paul Kellermann (<strong>Jo Herbst)<\/strong> wird 1943 zum Milit\u00e4r eingezogen. Sein wegen seiner Augenverletzung wehruntauglicher und deshalb frustrierter Kompaniechef Hauptmann Eisenhecker (<strong>Ernst Schr\u00f6der<\/strong>) schikaniert Paul weil ihm sein<em> \u201cunmilit\u00e4risches\u201d<\/em> Auftreten missf\u00e4llt. W\u00e4hrend eines Urlaubs gelangt Paul an eine Blankourkunde zur Verleihung des Eisernen Kreuzes zweiter Klasse. Als er am n\u00e4chsten Tag verschl\u00e4ft und deswegen zu sp\u00e4t zum Dienst erscheint, f\u00fcllt er das Dokument mit seinem Namen aus und erfindet die Rettung 14 durch einen Bombenanschlag Versch\u00fctteter. Sein Hauptmann ist zun\u00e4chst begeistert, stellt Kellermann zur Bef\u00f6rderung seinem General vor und schweigt dann als ihm der Schwindel auff\u00e4llt, schliesslich k\u00f6nnte dies auch auf ihn zur\u00fcckfallen. In den Wirren der letzten Kriegswochen kreuzen sich die Wege der beiden wieder und Eisenhecker gibt den sinnlosen Befehl bis zum letzten Mann zu k\u00e4mpfen, Kellermann widersetzt sich, woraufhin Eisenhecker ein Standgericht einberuft um Paul wegen <em>\u201cFeigheit vor dem Feinde\u201d<\/em> zu verurteilen \u2026<\/p>\n<\/div>\n<\/div>\n<\/div>\n<\/div>\n<\/div>\n<div><div class=\"gap\" style=\"line-height: 20px; height: 20px;\"><\/div><\/div>\n<h5>Weitere Informationen<\/h5>\n<div>\n<div>\n<table style=\"height: 47px; width: 100%; border-collapse: collapse; border-color: #ffffff; background-color: #ffffff; border-style: hidden;\">\n<tbody>\n<tr style=\"height: 23px;\">\n<td style=\"width: 4.701195219123506%; height: 23px; border-style: hidden;\">Label:<\/td>\n<td style=\"width: 95.29880478087651%; height: 23px; border-style: hidden;\"><a title=\"B-Spree Classics\" href=\"https:\/\/ucm.one\/de\/film-labels\/b-spree-pictures\/#b-spree-classics\">B-Spree Classics<\/a><\/td>\n<\/tr>\n<\/tbody>\n<\/table>\n<\/div>\n<div><\/div>\n<\/div>\n<div>\n<div><div class=\"gap\" style=\"line-height: 10px; height: 10px;\"><\/div><\/div>\n<div>\n<p>\u2117 1955 <strong>Central Cinema Company Film (CCC)<\/strong>, \u00a9 2023 <strong>B-Spree Classics<\/strong> \/ <strong><span style=\"font-family: arial black, sans-serif;\">UCM.ONE<\/span><\/strong> in Kooperation mit <strong>CCC Filmkunst<\/strong><\/p>\n<div><\/div>\n<\/div>\n<div><div class=\"gap\" style=\"line-height: 20px; height: 20px;\"><\/div><\/div>\n<div>\n<div><\/div>\n<div>\n<div><div class=\"gap\" style=\"line-height: 10px; height: 10px;\"><\/div><\/div>\n<div><span style=\"color: #003a80;\"><strong>\u27a0 <a style=\"color: #003a80;\" href=\"https:\/\/ucm.one\/de\/produkt-kategorie\/art-de\/filme-de\/\">zum Shop<\/a><\/strong><\/span><\/div>\n<div><div class=\"gap\" style=\"line-height: 20px; height: 20px;\"><\/div><\/div>\n<\/div>\n<\/div>\n<\/div>\n","protected":false},"excerpt":{"rendered":"<p>Regie: <a title=\"\" href=\"https:\/\/ucm.one\/de\/?s=%22Max+Nosseck%22&amp;post_type=product\"><strong>Max Nosseck<\/strong><\/a><\/p>\n<p>Label: <a href=\"https:\/\/ucm.one\/de\/produkt-kategorie\/label-film-de\/b-spree-pictures-de\/b-spree-classics-de\/\"><strong>B-Spree Classics<\/strong><\/a><\/p>\n<p>Art:\u00a0<strong><a href=\"https:\/\/ucm.one\/de\/produkt-kategorie\/art-de\/filme-de\/\">Film<\/a> (<a title=\"\" href=\"https:\/\/ucm.one\/de\/produkt-kategorie\/genre-film-de\/klassiker-de\/\">Klassiker<\/a>)<\/strong><\/p>\n<p>Genres:\u00a0<b><a title=\"\" href=\"https:\/\/ucm.one\/de\/produkt-kategorie\/genre-film-de\/drama-de\/\">Drama<\/a>, <a href=\"https:\/\/ucm.one\/de\/produkt-kategorie\/genre-film-de\/komoedie-de\/\">Kom\u00f6die<\/a><\/b><\/p>\n<p>Jahre: <strong>2023<\/strong><\/p>\n<p>FSK: <strong>16<\/strong><\/p>\n<p>Formate: <strong>Diverse<\/strong><\/p>\n","protected":false},"featured_media":95017,"comment_status":"open","ping_status":"closed","template":"","meta":{"_acf_changed":false},"product_brand":[],"product_cat":[10331,10332,10333,10334,10342,10356,10952,9708,12093],"product_tag":[12135,16215,13386,16216,14417,16217,15580,16208,16209,16210,16211,16212,16213,16214],"class_list":{"0":"post-95016","1":"product","2":"type-product","3":"status-publish","4":"has-post-thumbnail","6":"product_cat-dvd-de","7":"product_cat-blu-ray-de","8":"product_cat-mediabooks-de","9":"product_cat-drama-de","10":"product_cat-b-spree-classics-de","11":"product_cat-komoedie-de","12":"product_cat-history-de","13":"product_cat-filme-de","14":"product_cat-klassiker-de","15":"product_tag-b-spree-classics","16":"product_tag-ilse-steppat","17":"product_tag-guenter-pfitzmann","18":"product_tag-fritz-wagner","19":"product_tag-artur-brauner","20":"product_tag-bruno-fitz","21":"product_tag-ccc-film","22":"product_tag-der-hauptmann-und-sein-held","23":"product_tag-max-nosseck","24":"product_tag-martin-boettcher","25":"product_tag-ernst-schroeder","26":"product_tag-jo-herbst","27":"product_tag-fita-benkhoff","28":"product_tag-ingeborg-schoener","29":"pa_format-blu-ray-de","30":"pa_format-mediabook-blu-ray-dvd","31":"pa_format-dvd","32":"description-off","34":"first","35":"instock","36":"taxable","37":"shipping-taxable","38":"purchasable","39":"product-type-variable"},"acf":[],"yoast_head":"<!-- This site is optimized with the Yoast SEO plugin v27.5 - https:\/\/yoast.com\/product\/yoast-seo-wordpress\/ -->\n<title>Der Hauptmann und sein Held<\/title>\n<meta name=\"description\" content=\"Shop | Der Hauptmann und sein Held | 2023 | B-Spree Classics | Mediabook (Blu-Ray + DVD), Blu-Ray, DVD | FSK 16\" \/>\n<meta name=\"robots\" content=\"index, follow, max-snippet:-1, max-image-preview:large, max-video-preview:-1\" \/>\n<link rel=\"canonical\" href=\"https:\/\/ucm.one\/de\/produkt\/der-hauptmann-und-sein-held\/\" \/>\n<meta property=\"og:locale\" content=\"de_DE\" \/>\n<meta property=\"og:type\" content=\"article\" \/>\n<meta property=\"og:title\" content=\"Der Hauptmann und sein Held\" \/>\n<meta property=\"og:description\" content=\"Shop | Der Hauptmann und sein Held | 2023 | B-Spree Classics | Mediabook (Blu-Ray + DVD), Blu-Ray, DVD | FSK 16\" \/>\n<meta property=\"og:url\" content=\"https:\/\/ucm.one\/de\/produkt\/der-hauptmann-und-sein-held\/\" \/>\n<meta property=\"og:site_name\" content=\"UCM.ONE\" \/>\n<meta property=\"article:modified_time\" content=\"2025-10-11T18:17:32+00:00\" \/>\n<meta property=\"og:image\" content=\"https:\/\/ucm.one\/wp-content\/uploads\/2023\/06\/C-Der-Hauptmann-und-sein-Held.jpg\" \/>\n<meta name=\"twitter:card\" content=\"summary_large_image\" \/>\n<meta name=\"twitter:title\" content=\"Der Hauptmann und sein Held\" \/>\n<meta name=\"twitter:description\" content=\"Shop | Der Hauptmann und sein Held | 2023 | B-Spree Classics | Mediabook (Blu-Ray + DVD), Blu-Ray, DVD | FSK 16\" \/>\n<meta name=\"twitter:image\" content=\"https:\/\/ucm.one\/wp-content\/uploads\/2023\/06\/C-Der-Hauptmann-und-sein-Held.jpg\" \/>\n<meta name=\"twitter:label1\" content=\"Gesch\u00e4tzte Lesezeit\" \/>\n\t<meta name=\"twitter:data1\" content=\"1\u00a0Minute\" \/>\n<!-- \/ Yoast SEO plugin. -->","yoast_head_json":{"title":"Der Hauptmann und sein Held","description":"Shop | Der Hauptmann und sein Held | 2023 | B-Spree Classics | Mediabook (Blu-Ray + DVD), Blu-Ray, DVD | FSK 16","robots":{"index":"index","follow":"follow","max-snippet":"max-snippet:-1","max-image-preview":"max-image-preview:large","max-video-preview":"max-video-preview:-1"},"canonical":"https:\/\/ucm.one\/de\/produkt\/der-hauptmann-und-sein-held\/","og_locale":"de_DE","og_type":"article","og_title":"Der Hauptmann und sein Held","og_description":"Shop | Der Hauptmann und sein Held | 2023 | B-Spree Classics | Mediabook (Blu-Ray + DVD), Blu-Ray, DVD | FSK 16","og_url":"https:\/\/ucm.one\/de\/produkt\/der-hauptmann-und-sein-held\/","og_site_name":"UCM.ONE","article_modified_time":"2025-10-11T18:17:32+00:00","og_image":[{"url":"https:\/\/ucm.one\/wp-content\/uploads\/2023\/06\/C-Der-Hauptmann-und-sein-Held.jpg","type":"","width":"","height":""}],"twitter_card":"summary_large_image","twitter_title":"Der Hauptmann und sein Held","twitter_description":"Shop | Der Hauptmann und sein Held | 2023 | B-Spree Classics | Mediabook (Blu-Ray + DVD), Blu-Ray, DVD | FSK 16","twitter_image":"https:\/\/ucm.one\/wp-content\/uploads\/2023\/06\/C-Der-Hauptmann-und-sein-Held.jpg","twitter_misc":{"Gesch\u00e4tzte Lesezeit":"1\u00a0Minute"},"schema":{"@context":"https:\/\/schema.org","@graph":[{"@type":"WebPage","@id":"https:\/\/ucm.one\/de\/produkt\/der-hauptmann-und-sein-held\/","url":"https:\/\/ucm.one\/de\/produkt\/der-hauptmann-und-sein-held\/","name":"Der Hauptmann und sein Held","isPartOf":{"@id":"https:\/\/ucm.one\/de\/#website"},"primaryImageOfPage":{"@id":"https:\/\/ucm.one\/de\/produkt\/der-hauptmann-und-sein-held\/#primaryimage"},"image":{"@id":"https:\/\/ucm.one\/de\/produkt\/der-hauptmann-und-sein-held\/#primaryimage"},"thumbnailUrl":"https:\/\/ucm.one\/wp-content\/uploads\/2023\/06\/C-Der-Hauptmann-und-sein-Held.jpg","datePublished":"2023-06-17T22:35:14+00:00","dateModified":"2025-10-11T18:17:32+00:00","description":"Shop | Der Hauptmann und sein Held | 2023 | B-Spree Classics | Mediabook (Blu-Ray + DVD), Blu-Ray, DVD | FSK 16","breadcrumb":{"@id":"https:\/\/ucm.one\/de\/produkt\/der-hauptmann-und-sein-held\/#breadcrumb"},"inLanguage":"de","potentialAction":[{"@type":"ReadAction","target":["https:\/\/ucm.one\/de\/produkt\/der-hauptmann-und-sein-held\/"]}]},{"@type":"ImageObject","inLanguage":"de","@id":"https:\/\/ucm.one\/de\/produkt\/der-hauptmann-und-sein-held\/#primaryimage","url":"https:\/\/ucm.one\/wp-content\/uploads\/2023\/06\/C-Der-Hauptmann-und-sein-Held.jpg","contentUrl":"https:\/\/ucm.one\/wp-content\/uploads\/2023\/06\/C-Der-Hauptmann-und-sein-Held.jpg","width":699,"height":1000},{"@type":"BreadcrumbList","@id":"https:\/\/ucm.one\/de\/produkt\/der-hauptmann-und-sein-held\/#breadcrumb","itemListElement":[{"@type":"ListItem","position":1,"name":"Home","item":"https:\/\/ucm.one\/de\/"},{"@type":"ListItem","position":2,"name":"Shop","item":"https:\/\/ucm.one\/de\/shop\/"},{"@type":"ListItem","position":3,"name":"Der Hauptmann und sein Held"}]},{"@type":"WebSite","@id":"https:\/\/ucm.one\/de\/#website","url":"https:\/\/ucm.one\/de\/","name":"UCM.ONE","description":"","publisher":{"@id":"https:\/\/ucm.one\/de\/#organization"},"potentialAction":[{"@type":"SearchAction","target":{"@type":"EntryPoint","urlTemplate":"https:\/\/ucm.one\/de\/?s={search_term_string}"},"query-input":{"@type":"PropertyValueSpecification","valueRequired":true,"valueName":"search_term_string"}}],"inLanguage":"de"},{"@type":"Organization","@id":"https:\/\/ucm.one\/de\/#organization","name":"UCM.ONE","url":"https:\/\/ucm.one\/de\/","logo":{"@type":"ImageObject","inLanguage":"de","@id":"https:\/\/ucm.one\/de\/#\/schema\/logo\/image\/","url":"https:\/\/ucm.one\/wp-content\/uploads\/2019\/10\/UCM.ONE-Logo-RGB.svg","contentUrl":"https:\/\/ucm.one\/wp-content\/uploads\/2019\/10\/UCM.ONE-Logo-RGB.svg","width":1,"height":1,"caption":"UCM.ONE"},"image":{"@id":"https:\/\/ucm.one\/de\/#\/schema\/logo\/image\/"}}]}},"_links":{"self":[{"href":"https:\/\/ucm.one\/de\/wp-json\/wp\/v2\/product\/95016","targetHints":{"allow":["GET"]}}],"collection":[{"href":"https:\/\/ucm.one\/de\/wp-json\/wp\/v2\/product"}],"about":[{"href":"https:\/\/ucm.one\/de\/wp-json\/wp\/v2\/types\/product"}],"replies":[{"embeddable":true,"href":"https:\/\/ucm.one\/de\/wp-json\/wp\/v2\/comments?post=95016"}],"wp:featuredmedia":[{"embeddable":true,"href":"https:\/\/ucm.one\/de\/wp-json\/wp\/v2\/media\/95017"}],"wp:attachment":[{"href":"https:\/\/ucm.one\/de\/wp-json\/wp\/v2\/media?parent=95016"}],"wp:term":[{"taxonomy":"product_brand","embeddable":true,"href":"https:\/\/ucm.one\/de\/wp-json\/wp\/v2\/product_brand?post=95016"},{"taxonomy":"product_cat","embeddable":true,"href":"https:\/\/ucm.one\/de\/wp-json\/wp\/v2\/product_cat?post=95016"},{"taxonomy":"product_tag","embeddable":true,"href":"https:\/\/ucm.one\/de\/wp-json\/wp\/v2\/product_tag?post=95016"}],"curies":[{"name":"wp","href":"https:\/\/api.w.org\/{rel}","templated":true}]}}

<div class="wpb_text_column wpb_content_element ">
<div class="wpb_wrapper">
<div class="">
<div class="wpb_text_column wpb_content_element ">
<div class="wpb_wrapper">
<p>Paul Kellermann (<strong>Jo Herbst)</strong> wird 1943 zum Militär eingezogen. Sein wegen seiner Augenverletzung wehruntauglicher und deshalb frustrierter Kompaniechef Hauptmann Eisenhecker (<strong>Ernst Schröder</strong>) schikaniert Paul weil ihm sein<em> “unmilitärisches”</em> Auftreten missfällt. Während eines Urlaubs gelangt Paul an eine Blankourkunde zur Verleihung des Eisernen Kreuzes zweiter Klasse. Als er am nächsten Tag verschläft und deswegen zu spät zum Dienst erscheint, füllt er das Dokument mit seinem Namen aus und erfindet die Rettung 14 durch einen Bombenanschlag Verschütteter. Sein Hauptmann ist zunächst begeistert, stellt Kellermann zur Beförderung seinem General vor und schweigt dann als ihm der Schwindel auffällt, schliesslich könnte dies auch auf ihn zurückfallen. In den Wirren der letzten Kriegswochen kreuzen sich die Wege der beiden wieder und Eisenhecker gibt den sinnlosen Befehl bis zum letzten Mann zu kämpfen, Kellermann widersetzt sich, woraufhin Eisenhecker ein Standgericht einberuft um Paul wegen <em>“Feigheit vor dem Feinde”</em> zu verurteilen …</p>
</div>
</div>
</div>
</div>
</div>
<div><div class="gap" style="line-height: 20px; height: 20px;"></div></div>
<h5>Weitere Informationen</h5>
<div>
<div>
<table style="height: 47px; width: 100%; border-collapse: collapse; border-color: #ffffff; background-color: #ffffff; border-style: hidden;">
<tbody>
<tr style="height: 23px;">
<td style="width: 4.701195219123506%; height: 23px; border-style: hidden;">Label:</td>
<td style="width: 95.29880478087651%; height: 23px; border-style: hidden;"><a title="B-Spree Classics" href="https://ucm.one/de/film-labels/b-spree-pictures/#b-spree-classics">B-Spree Classics</a></td>
</tr>
</tbody>
</table>
</div>
<div></div>
</div>
<div>
<div><div class="gap" style="line-height: 10px; height: 10px;"></div></div>
<div>
<p>℗ 1955 <strong>Central Cinema Company Film (CCC)</strong>, © 2023 <strong>B-Spree Classics</strong> / <strong><span style="font-family: arial black, sans-serif;">UCM.ONE</span></strong> in Kooperation mit <strong>CCC Filmkunst</strong></p>
<div></div>
</div>
<div><div class="gap" style="line-height: 20px; height: 20px;"></div></div>
<div>
<div></div>
<div>
<div><div class="gap" style="line-height: 10px; height: 10px;"></div></div>
<div><span style="color: #003a80;"><strong>➠ <a style="color: #003a80;" href="https://ucm.one/de/produkt-kategorie/art-de/filme-de/">zum Shop</a></strong></span></div>
<div><div class="gap" style="line-height: 20px; height: 20px;"></div></div>
</div>
</div>
</div>

<p>Regie: <a title="" href="https://ucm.one/de/?s=%22Max+Nosseck%22&amp;post_type=product"><strong>Max Nosseck</strong></a></p>
<p>Label: <a href="https://ucm.one/de/produkt-kategorie/label-film-de/b-spree-pictures-de/b-spree-classics-de/"><strong>B-Spree Classics</strong></a></p>
<p>Art: <strong><a href="https://ucm.one/de/produkt-kategorie/art-de/filme-de/">Film</a> (<a title="" href="https://ucm.one/de/produkt-kategorie/genre-film-de/klassiker-de/">Klassiker</a>)</strong></p>
<p>Genres: <b><a title="" href="https://ucm.one/de/produkt-kategorie/genre-film-de/drama-de/">Drama</a>, <a href="https://ucm.one/de/produkt-kategorie/genre-film-de/komoedie-de/">Komödie</a></b></p>
<p>Jahre: <strong>2023</strong></p>
<p>FSK: <strong>16</strong></p>
<p>Formate: <strong>Diverse</strong></p>

<!-- This site is optimized with the Yoast SEO plugin v27.5 - https://yoast.com/product/yoast-seo-wordpress/ -->
<title>Der Hauptmann und sein Held</title>
<meta name="description" content="Shop | Der Hauptmann und sein Held | 2023 | B-Spree Classics | Mediabook (Blu-Ray + DVD), Blu-Ray, DVD | FSK 16" />
<meta name="robots" content="index, follow, max-snippet:-1, max-image-preview:large, max-video-preview:-1" />
<link rel="canonical" href="https://ucm.one/de/produkt/der-hauptmann-und-sein-held/" />
<meta property="og:locale" content="de_DE" />
<meta property="og:type" content="article" />
<meta property="og:title" content="Der Hauptmann und sein Held" />
<meta property="og:description" content="Shop | Der Hauptmann und sein Held | 2023 | B-Spree Classics | Mediabook (Blu-Ray + DVD), Blu-Ray, DVD | FSK 16" />
<meta property="og:url" content="https://ucm.one/de/produkt/der-hauptmann-und-sein-held/" />
<meta property="og:site_name" content="UCM.ONE" />
<meta property="article:modified_time" content="2025-10-11T18:17:32+00:00" />
<meta property="og:image" content="https://ucm.one/wp-content/uploads/2023/06/C-Der-Hauptmann-und-sein-Held.jpg" />
<meta name="twitter:card" content="summary_large_image" />
<meta name="twitter:title" content="Der Hauptmann und sein Held" />
<meta name="twitter:description" content="Shop | Der Hauptmann und sein Held | 2023 | B-Spree Classics | Mediabook (Blu-Ray + DVD), Blu-Ray, DVD | FSK 16" />
<meta name="twitter:image" content="https://ucm.one/wp-content/uploads/2023/06/C-Der-Hauptmann-und-sein-Held.jpg" />
<meta name="twitter:label1" content="Geschätzte Lesezeit" />
	<meta name="twitter:data1" content="1 Minute" />
<!-- / Yoast SEO plugin. -->
