{"id":94201,"date":"2023-04-28T07:05:12","date_gmt":"2023-04-28T07:05:12","guid":{"rendered":"https:\/\/ucm.one\/?post_type=product&#038;p=94201"},"modified":"2023-07-27T14:31:07","modified_gmt":"2023-07-27T14:31:07","slug":"ich-ich-ich","status":"publish","type":"product","link":"https:\/\/ucm.one\/de\/produkt\/ich-ich-ich\/","title":{"rendered":"Ich Ich Ich"},"content":{"rendered":"<div class=\"wpb_text_column wpb_content_element \">\n<div class=\"wpb_wrapper\">\n<div class=\"\">\n<div class=\"wpb_text_column wpb_content_element \">\n<div class=\"wpb_wrapper\">\n<div class=\"wpb_text_column wpb_content_element \">\n<div class=\"wpb_wrapper\">\n<div class=\"wpb_text_column wpb_content_element \">\n<div class=\"wpb_wrapper\">\n<p>Marie (<strong>Elisa Pl\u00fcss<\/strong>) wird von ihrem Freund Julian (<strong>Thomas Fr\u00e4nzel<\/strong>) auf der Hochzeit seines Bruders vor versammelter Familie mit einem Heiratsantrag \u00fcberrumpelt. Marie hat keinen Schimmer, wie sie darauf reagieren soll. Sie t\u00fcrmt aufs Land, um allein \u00fcber sich, ihr Leben\u00a0 und ihre Beziehung nachzudenken. Allein?<\/p>\n<\/div>\n<\/div>\n<div class=\"wpb_text_column wpb_content_element \">\n<div class=\"wpb_wrapper\">\n<p>Im Ferienhaus ihrer Mutter wird es alsbald zunehmend enger und absurder: denn Maries Gedanken nehmen pl\u00f6tzlich Gestalt an, ihre Gedankenmenschen werden immer zahlreicher und penetranter. Sie zwingen ihr m\u00f6gliche Babynamen auf, ein Ex-Freund klettert von B\u00e4umen herunter und ein \u201clyrisches Ich\u201d im Sari verk\u00fcndet Maries Innenwelt in Versen. Schlie\u00dflich kommt ihr M\u00f6chtegern-Verlobter ganz real in die tr\u00fcgerische Einsamkeit der Uckermark und bringt gleich eine ganze Busladung eigener Gedankenmenschen mit\u2026<\/p>\n<\/div>\n<\/div>\n<\/div>\n<\/div>\n<\/div>\n<\/div>\n<\/div>\n<\/div>\n<\/div>\n<div><div class=\"gap\" style=\"line-height: 20px; height: 20px;\"><\/div><\/div>\n<h5>Weitere Informationen<\/h5>\n<div>\n<div>\n<table style=\"height: 46px; width: 100%; border-collapse: collapse; border-color: #ffffff; background-color: #ffffff; border-style: hidden;\">\n<tbody>\n<tr style=\"height: 23px; border-style: hidden; border-color: #ffffff; background-color: #ffffff;\">\n<td style=\"width: 4.701195219123506%; height: 23px; border-style: hidden;\">Film:<\/td>\n<td style=\"width: 95.29880478087651%; height: 23px; border-style: hidden;\"><a title=\"Ich Ich Ich (2021) von Zora Rux | Darling Berlin\" href=\"https:\/\/ucm.one\/de\/ich-ich-ich\/\">Ich Ich Ich<\/a><\/td>\n<\/tr>\n<tr style=\"height: 23px;\">\n<td style=\"width: 4.701195219123506%; height: 23px; border-style: hidden;\">Label:<\/td>\n<td style=\"width: 95.29880478087651%; height: 23px; border-style: hidden;\"><a title=\"Darling Berlin\" href=\"https:\/\/ucm.one\/de\/film-labels\/darling-berlin\/\">Darling Berlin<\/a><\/td>\n<\/tr>\n<\/tbody>\n<\/table>\n<\/div>\n<div><\/div>\n<\/div>\n<div>\n<div><div class=\"gap\" style=\"line-height: 10px; height: 10px;\"><\/div><\/div>\n<div><span style=\"font-family: 'arial black', sans-serif;\"><span style=\"font-family: arial, helvetica, sans-serif;\">\u00a9 2021 <strong>DFFB,<\/strong>\u00a0\u00a9 2022 <strong>Darling Berlin \/ <span style=\"font-family: 'arial black', sans-serif;\">UCM.ONE<\/span><\/strong><\/span><\/span><\/div>\n<div><div class=\"gap\" style=\"line-height: 20px; height: 20px;\"><\/div><\/div>\n<\/div>\n<div>\n<div><\/div>\n<div>\n<div><div class=\"gap\" style=\"line-height: 10px; height: 10px;\"><\/div><\/div>\n<div><span style=\"color: #003a80;\"><strong>\u27a0 <a style=\"color: #003a80;\" href=\"https:\/\/ucm.one\/de\/produkt-kategorie\/art-de\/filme-de\/\">zum Shop<\/a><\/strong><\/span><\/div>\n<div><div class=\"gap\" style=\"line-height: 20px; height: 20px;\"><\/div><\/div>\n<\/div>\n<\/div>\n","protected":false},"excerpt":{"rendered":"<p>Regie:<a title=\"\" href=\"https:\/\/ucm.one\/de\/?s=%22Zora+Rux%22&amp;post_type=product\"><strong> Zora Rux<\/strong><\/a><\/p>\n<p>Label:\u00a0<a title=\"\" href=\"https:\/\/ucm.one\/de\/produkt-kategorie\/label-film-de\/darling-berlin-de\/\"><strong>Darling Berlin<\/strong><\/a><\/p>\n<p>Art:\u00a0<strong><a href=\"https:\/\/ucm.one\/de\/produkt-kategorie\/art-de\/filme-de\/\">Film<\/a> (Spielfilm)<\/strong><\/p>\n<p>Genres: <b><a href=\"https:\/\/ucm.one\/de\/produkt-kategorie\/genre-film-de\/komoedie-de\/\">Kom\u00f6die<\/a>, <a title=\"\" href=\"https:\/\/ucm.one\/de\/produkt-kategorie\/genre-film-de\/drama-de\/\">Drama<\/a><\/b><\/p>\n<p>Jahr: <strong>2023<\/strong><\/p>\n<p>FSK: <strong>12<\/strong><\/p>\n<p>Format: <strong>DVD<\/strong><\/p>\n","protected":false},"featured_media":94202,"comment_status":"open","ping_status":"closed","template":"","meta":{"_acf_changed":false},"product_brand":[],"product_cat":[13156,9708,10331,10334,10339,10356],"product_tag":[14874,12464,14875,15946,14864,15947,14865,14868,14869,14870,14871,14872,14873],"class_list":{"0":"post-94201","1":"product","2":"type-product","3":"status-publish","4":"has-post-thumbnail","6":"product_cat-arthouse-de","7":"product_cat-filme-de","8":"product_cat-dvd-de","9":"product_cat-drama-de","10":"product_cat-darling-berlin-de","11":"product_cat-komoedie-de","12":"product_tag-henriette-confurius","13":"product_tag-darling-berlin","14":"product_tag-wenka-von-mikulicz","15":"product_tag-paul-lux","16":"product_tag-ich-ich-ich","17":"product_tag-pablo-grant","18":"product_tag-second-thoughts","19":"product_tag-zora-rux","20":"product_tag-elisa-pluess","21":"product_tag-thomas-fraenzel","22":"product_tag-lola-klamroth","23":"product_tag-sebastian-schneider","24":"product_tag-judith-van-der-werff","25":"product_shipping_class-dvd-2","26":"pa_format-dvd","27":"description-off","29":"first","30":"instock","31":"taxable","32":"shipping-taxable","33":"purchasable","34":"product-type-variable","35":"has-default-attributes"},"acf":[],"yoast_head":"<!-- This site is optimized with the Yoast SEO plugin v27.5 - https:\/\/yoast.com\/product\/yoast-seo-wordpress\/ -->\n<title>Ich Ich Ich<\/title>\n<meta name=\"description\" content=\"Shop | Ich Ich Ich | 2023 | Ich Ich Ich | DVD | FSK 6\" \/>\n<meta name=\"robots\" content=\"index, follow, max-snippet:-1, max-image-preview:large, max-video-preview:-1\" \/>\n<link rel=\"canonical\" href=\"https:\/\/ucm.one\/de\/produkt\/ich-ich-ich\/\" \/>\n<meta property=\"og:locale\" content=\"de_DE\" \/>\n<meta property=\"og:type\" content=\"article\" \/>\n<meta property=\"og:title\" content=\"Ich Ich Ich\" \/>\n<meta property=\"og:description\" content=\"Shop | Ich Ich Ich | 2023 | Ich Ich Ich | DVD | FSK 6\" \/>\n<meta property=\"og:url\" content=\"https:\/\/ucm.one\/de\/produkt\/ich-ich-ich\/\" \/>\n<meta property=\"og:site_name\" content=\"UCM.ONE\" \/>\n<meta property=\"article:modified_time\" content=\"2023-07-27T14:31:07+00:00\" \/>\n<meta property=\"og:image\" content=\"https:\/\/ucm.one\/wp-content\/uploads\/2023\/05\/C-Ich-Ich-Ich-DVD-2D-FSK6.jpg\" \/>\n<meta name=\"twitter:card\" content=\"summary_large_image\" \/>\n<meta name=\"twitter:title\" content=\"Ich Ich Ich\" \/>\n<meta name=\"twitter:description\" content=\"Shop | Ich Ich Ich | 2023 | Ich Ich Ich | DVD | FSK 6\" \/>\n<meta name=\"twitter:image\" content=\"https:\/\/ucm.one\/wp-content\/uploads\/2023\/05\/C-Ich-Ich-Ich-DVD-2D-FSK6.jpg\" \/>\n<meta name=\"twitter:label1\" content=\"Gesch\u00e4tzte Lesezeit\" \/>\n\t<meta name=\"twitter:data1\" content=\"1\u00a0Minute\" \/>\n<!-- \/ Yoast SEO plugin. -->","yoast_head_json":{"title":"Ich Ich Ich","description":"Shop | Ich Ich Ich | 2023 | Ich Ich Ich | DVD | FSK 6","robots":{"index":"index","follow":"follow","max-snippet":"max-snippet:-1","max-image-preview":"max-image-preview:large","max-video-preview":"max-video-preview:-1"},"canonical":"https:\/\/ucm.one\/de\/produkt\/ich-ich-ich\/","og_locale":"de_DE","og_type":"article","og_title":"Ich Ich Ich","og_description":"Shop | Ich Ich Ich | 2023 | Ich Ich Ich | DVD | FSK 6","og_url":"https:\/\/ucm.one\/de\/produkt\/ich-ich-ich\/","og_site_name":"UCM.ONE","article_modified_time":"2023-07-27T14:31:07+00:00","og_image":[{"url":"https:\/\/ucm.one\/wp-content\/uploads\/2023\/05\/C-Ich-Ich-Ich-DVD-2D-FSK6.jpg","type":"","width":"","height":""}],"twitter_card":"summary_large_image","twitter_title":"Ich Ich Ich","twitter_description":"Shop | Ich Ich Ich | 2023 | Ich Ich Ich | DVD | FSK 6","twitter_image":"https:\/\/ucm.one\/wp-content\/uploads\/2023\/05\/C-Ich-Ich-Ich-DVD-2D-FSK6.jpg","twitter_misc":{"Gesch\u00e4tzte Lesezeit":"1\u00a0Minute"},"schema":{"@context":"https:\/\/schema.org","@graph":[{"@type":"WebPage","@id":"https:\/\/ucm.one\/de\/produkt\/ich-ich-ich\/","url":"https:\/\/ucm.one\/de\/produkt\/ich-ich-ich\/","name":"Ich Ich Ich","isPartOf":{"@id":"https:\/\/ucm.one\/de\/#website"},"primaryImageOfPage":{"@id":"https:\/\/ucm.one\/de\/produkt\/ich-ich-ich\/#primaryimage"},"image":{"@id":"https:\/\/ucm.one\/de\/produkt\/ich-ich-ich\/#primaryimage"},"thumbnailUrl":"https:\/\/ucm.one\/wp-content\/uploads\/2023\/05\/C-Ich-Ich-Ich-DVD-2D-FSK6.jpg","datePublished":"2023-04-28T07:05:12+00:00","dateModified":"2023-07-27T14:31:07+00:00","description":"Shop | Ich Ich Ich | 2023 | Ich Ich Ich | DVD | FSK 6","breadcrumb":{"@id":"https:\/\/ucm.one\/de\/produkt\/ich-ich-ich\/#breadcrumb"},"inLanguage":"de","potentialAction":[{"@type":"ReadAction","target":["https:\/\/ucm.one\/de\/produkt\/ich-ich-ich\/"]}]},{"@type":"ImageObject","inLanguage":"de","@id":"https:\/\/ucm.one\/de\/produkt\/ich-ich-ich\/#primaryimage","url":"https:\/\/ucm.one\/wp-content\/uploads\/2023\/05\/C-Ich-Ich-Ich-DVD-2D-FSK6.jpg","contentUrl":"https:\/\/ucm.one\/wp-content\/uploads\/2023\/05\/C-Ich-Ich-Ich-DVD-2D-FSK6.jpg","width":699,"height":1000},{"@type":"BreadcrumbList","@id":"https:\/\/ucm.one\/de\/produkt\/ich-ich-ich\/#breadcrumb","itemListElement":[{"@type":"ListItem","position":1,"name":"Home","item":"https:\/\/ucm.one\/de\/"},{"@type":"ListItem","position":2,"name":"Shop","item":"https:\/\/ucm.one\/de\/shop\/"},{"@type":"ListItem","position":3,"name":"Ich Ich Ich"}]},{"@type":"WebSite","@id":"https:\/\/ucm.one\/de\/#website","url":"https:\/\/ucm.one\/de\/","name":"UCM.ONE","description":"","publisher":{"@id":"https:\/\/ucm.one\/de\/#organization"},"potentialAction":[{"@type":"SearchAction","target":{"@type":"EntryPoint","urlTemplate":"https:\/\/ucm.one\/de\/?s={search_term_string}"},"query-input":{"@type":"PropertyValueSpecification","valueRequired":true,"valueName":"search_term_string"}}],"inLanguage":"de"},{"@type":"Organization","@id":"https:\/\/ucm.one\/de\/#organization","name":"UCM.ONE","url":"https:\/\/ucm.one\/de\/","logo":{"@type":"ImageObject","inLanguage":"de","@id":"https:\/\/ucm.one\/de\/#\/schema\/logo\/image\/","url":"https:\/\/ucm.one\/wp-content\/uploads\/2019\/10\/UCM.ONE-Logo-RGB.svg","contentUrl":"https:\/\/ucm.one\/wp-content\/uploads\/2019\/10\/UCM.ONE-Logo-RGB.svg","width":1,"height":1,"caption":"UCM.ONE"},"image":{"@id":"https:\/\/ucm.one\/de\/#\/schema\/logo\/image\/"}}]}},"_links":{"self":[{"href":"https:\/\/ucm.one\/de\/wp-json\/wp\/v2\/product\/94201","targetHints":{"allow":["GET"]}}],"collection":[{"href":"https:\/\/ucm.one\/de\/wp-json\/wp\/v2\/product"}],"about":[{"href":"https:\/\/ucm.one\/de\/wp-json\/wp\/v2\/types\/product"}],"replies":[{"embeddable":true,"href":"https:\/\/ucm.one\/de\/wp-json\/wp\/v2\/comments?post=94201"}],"wp:featuredmedia":[{"embeddable":true,"href":"https:\/\/ucm.one\/de\/wp-json\/wp\/v2\/media\/94202"}],"wp:attachment":[{"href":"https:\/\/ucm.one\/de\/wp-json\/wp\/v2\/media?parent=94201"}],"wp:term":[{"taxonomy":"product_brand","embeddable":true,"href":"https:\/\/ucm.one\/de\/wp-json\/wp\/v2\/product_brand?post=94201"},{"taxonomy":"product_cat","embeddable":true,"href":"https:\/\/ucm.one\/de\/wp-json\/wp\/v2\/product_cat?post=94201"},{"taxonomy":"product_tag","embeddable":true,"href":"https:\/\/ucm.one\/de\/wp-json\/wp\/v2\/product_tag?post=94201"}],"curies":[{"name":"wp","href":"https:\/\/api.w.org\/{rel}","templated":true}]}}

<div class="wpb_text_column wpb_content_element ">
<div class="wpb_wrapper">
<div class="">
<div class="wpb_text_column wpb_content_element ">
<div class="wpb_wrapper">
<div class="wpb_text_column wpb_content_element ">
<div class="wpb_wrapper">
<div class="wpb_text_column wpb_content_element ">
<div class="wpb_wrapper">
<p>Marie (<strong>Elisa Plüss</strong>) wird von ihrem Freund Julian (<strong>Thomas Fränzel</strong>) auf der Hochzeit seines Bruders vor versammelter Familie mit einem Heiratsantrag überrumpelt. Marie hat keinen Schimmer, wie sie darauf reagieren soll. Sie türmt aufs Land, um allein über sich, ihr Leben  und ihre Beziehung nachzudenken. Allein?</p>
</div>
</div>
<div class="wpb_text_column wpb_content_element ">
<div class="wpb_wrapper">
<p>Im Ferienhaus ihrer Mutter wird es alsbald zunehmend enger und absurder: denn Maries Gedanken nehmen plötzlich Gestalt an, ihre Gedankenmenschen werden immer zahlreicher und penetranter. Sie zwingen ihr mögliche Babynamen auf, ein Ex-Freund klettert von Bäumen herunter und ein “lyrisches Ich” im Sari verkündet Maries Innenwelt in Versen. Schließlich kommt ihr Möchtegern-Verlobter ganz real in die trügerische Einsamkeit der Uckermark und bringt gleich eine ganze Busladung eigener Gedankenmenschen mit…</p>
</div>
</div>
</div>
</div>
</div>
</div>
</div>
</div>
</div>
<div><div class="gap" style="line-height: 20px; height: 20px;"></div></div>
<h5>Weitere Informationen</h5>
<div>
<div>
<table style="height: 46px; width: 100%; border-collapse: collapse; border-color: #ffffff; background-color: #ffffff; border-style: hidden;">
<tbody>
<tr style="height: 23px; border-style: hidden; border-color: #ffffff; background-color: #ffffff;">
<td style="width: 4.701195219123506%; height: 23px; border-style: hidden;">Film:</td>
<td style="width: 95.29880478087651%; height: 23px; border-style: hidden;"><a title="Ich Ich Ich (2021) von Zora Rux | Darling Berlin" href="https://ucm.one/de/ich-ich-ich/">Ich Ich Ich</a></td>
</tr>
<tr style="height: 23px;">
<td style="width: 4.701195219123506%; height: 23px; border-style: hidden;">Label:</td>
<td style="width: 95.29880478087651%; height: 23px; border-style: hidden;"><a title="Darling Berlin" href="https://ucm.one/de/film-labels/darling-berlin/">Darling Berlin</a></td>
</tr>
</tbody>
</table>
</div>
<div></div>
</div>
<div>
<div><div class="gap" style="line-height: 10px; height: 10px;"></div></div>
<div><span style="font-family: 'arial black', sans-serif;"><span style="font-family: arial, helvetica, sans-serif;">© 2021 <strong>DFFB,</strong> © 2022 <strong>Darling Berlin / <span style="font-family: 'arial black', sans-serif;">UCM.ONE</span></strong></span></span></div>
<div><div class="gap" style="line-height: 20px; height: 20px;"></div></div>
</div>
<div>
<div></div>
<div>
<div><div class="gap" style="line-height: 10px; height: 10px;"></div></div>
<div><span style="color: #003a80;"><strong>➠ <a style="color: #003a80;" href="https://ucm.one/de/produkt-kategorie/art-de/filme-de/">zum Shop</a></strong></span></div>
<div><div class="gap" style="line-height: 20px; height: 20px;"></div></div>
</div>
</div>

<p>Regie:<a title="" href="https://ucm.one/de/?s=%22Zora+Rux%22&amp;post_type=product"><strong> Zora Rux</strong></a></p>
<p>Label: <a title="" href="https://ucm.one/de/produkt-kategorie/label-film-de/darling-berlin-de/"><strong>Darling Berlin</strong></a></p>
<p>Art: <strong><a href="https://ucm.one/de/produkt-kategorie/art-de/filme-de/">Film</a> (Spielfilm)</strong></p>
<p>Genres: <b><a href="https://ucm.one/de/produkt-kategorie/genre-film-de/komoedie-de/">Komödie</a>, <a title="" href="https://ucm.one/de/produkt-kategorie/genre-film-de/drama-de/">Drama</a></b></p>
<p>Jahr: <strong>2023</strong></p>
<p>FSK: <strong>12</strong></p>
<p>Format: <strong>DVD</strong></p>

<!-- This site is optimized with the Yoast SEO plugin v27.5 - https://yoast.com/product/yoast-seo-wordpress/ -->
<title>Ich Ich Ich</title>
<meta name="description" content="Shop | Ich Ich Ich | 2023 | Ich Ich Ich | DVD | FSK 6" />
<meta name="robots" content="index, follow, max-snippet:-1, max-image-preview:large, max-video-preview:-1" />
<link rel="canonical" href="https://ucm.one/de/produkt/ich-ich-ich/" />
<meta property="og:locale" content="de_DE" />
<meta property="og:type" content="article" />
<meta property="og:title" content="Ich Ich Ich" />
<meta property="og:description" content="Shop | Ich Ich Ich | 2023 | Ich Ich Ich | DVD | FSK 6" />
<meta property="og:url" content="https://ucm.one/de/produkt/ich-ich-ich/" />
<meta property="og:site_name" content="UCM.ONE" />
<meta property="article:modified_time" content="2023-07-27T14:31:07+00:00" />
<meta property="og:image" content="https://ucm.one/wp-content/uploads/2023/05/C-Ich-Ich-Ich-DVD-2D-FSK6.jpg" />
<meta name="twitter:card" content="summary_large_image" />
<meta name="twitter:title" content="Ich Ich Ich" />
<meta name="twitter:description" content="Shop | Ich Ich Ich | 2023 | Ich Ich Ich | DVD | FSK 6" />
<meta name="twitter:image" content="https://ucm.one/wp-content/uploads/2023/05/C-Ich-Ich-Ich-DVD-2D-FSK6.jpg" />
<meta name="twitter:label1" content="Geschätzte Lesezeit" />
	<meta name="twitter:data1" content="1 Minute" />
<!-- / Yoast SEO plugin. -->
