{"id":82482,"date":"2020-07-24T13:18:38","date_gmt":"2020-07-24T13:18:38","guid":{"rendered":"https:\/\/ucm.one\/?post_type=product&#038;p=82482"},"modified":"2023-07-17T16:18:18","modified_gmt":"2023-07-17T16:18:18","slug":"edgar-wallace-das-grauen-schleicht-durch-london-2x-dvd-box","status":"publish","type":"product","link":"https:\/\/ucm.one\/de\/produkt\/edgar-wallace-das-grauen-schleicht-durch-london-2x-dvd-box\/","title":{"rendered":"Edgar Wallace &#8211; Das Grauen schleicht durch London (2x DVD Box)"},"content":{"rendered":"<p><strong>Der geheimnisvolle M\u00f6nch\u00a0<\/strong><br \/>\nUnheimliches geht nachts auf Chelford Castle vor: Seit dem Mord an Abt Hubert vor rund 400 Jahren soll sein Geist in dunklen N\u00e4chten in der Abtei herumspuken. Teuflisches Geheul erklingt, wenn er anschlie\u00dfend durch Nebelschwaden wandert. Sergeant Putler (<strong>Jan<\/strong> <strong>Falt\u00fdnek<\/strong>), der unerschrockenste und erfolgreichste Ermittler von Scotland Yard, soll der Sache im Auftrag von Richard Chelford (<strong>Petr<\/strong> <strong>Step\u00e1nek<\/strong>) auf den Grund gehen&#8230;<\/p>\n<p>\u21171985<strong>\u00a0<\/strong><\/p>\n<p><strong>Der Mann, der seinen Namen \u00e4nderte<\/strong><br \/>\nWelches Geheimnis verbirgt der wohlhabende Selby Clive (<strong>Fritz<\/strong> <strong>Tillmann<\/strong>)? Was geschah w\u00e4hrend seines Aufenthalts in Kanada? Hat er dort mehrere Verbrechen begangen? Selbys Ehefrau Nita (<strong>Hannelore<\/strong> <strong>Schroth<\/strong>) und ihr Jugendfreund Frank O&#8217;Ryan (<strong>Ernst<\/strong> <strong>Stankovski<\/strong>) finden ein geheimes Dokument in seinem Schreibtisch. Dieses l\u00e4sst darauf schlie\u00dfen, dass Selby fr\u00fcher anders hie\u00df. Nita und Frank beginnen an dessen Anst\u00e4ndigkeit zu zweifeln. Der Bericht eines Hobbydetektivs untermauert ihre Vermutungen. Die beiden leben fortan in st\u00e4ndiger Angst, dass Selby tats\u00e4chlich ein Verbrecher ist und sie als n\u00e4chste Opfer auserkoren hat&#8230;<\/p>\n<p>\u21171958 Nord- und Westdeutscher Rundfunkverband (NWRV)<\/p>\n<p><strong>Die Neunschw\u00e4nzige Katze\u00a0<\/strong><br \/>\nEin Reporter namens Franco Arno verlor bei einem Unfall sein Augenlicht und konnte deswegen seinen Job als Reporter nicht mehr aus\u00fcben. Als Blinder ist er auf die Hilfe seiner jungen Nichte angewiesen. Er verdient sich trotzdem immer noch Geld bei der Zeitung, indem er Kreuzwortr\u00e4tsel herstellt. Als er eines Tages mit seiner Nichte spazieren geht, h\u00f6rt er vor einem medizinischen Institut zuf\u00e4llig eine seltsame Unterhaltung von zwei M\u00e4nnern in einem Auto mit. Sp\u00e4ter an diesem Tag, oder genauer gesagt in der Nacht, bricht jemand ohne ersichtlichen Grund in dieses Institut ein und t\u00f6tet dabei einen Wachmann. Der neugierige Arno beschlie\u00dft darauf, ein wenig auf eigene Faust nachzuforschen&#8230;<\/p>\n<p>\u21171971 Seda Spettacoli, Terra-Filmkunst, Labrador Films<\/p>\n<div><div class=\"gap\" style=\"line-height: 20px; height: 20px;\"><\/div><\/div>\n<h5>Weitere Informationen<\/h5>\n<div>\n<table style=\"border-collapse: collapse; width: 100%; height: 44px;\">\n<tbody>\n<tr style=\"height: 22px;\">\n<td style=\"width: 7.428660075637507%; border-style: hidden; border-color: #ffffff; background-color: #ffffff; height: 22px;\">Filme:<\/td>\n<td style=\"width: 92.57133992436249%; border-style: hidden; border-color: #ffffff; background-color: #ffffff; height: 22px;\"><a href=\"https:\/\/ucm.one\/de\/ucm-one-veroeffentlicht-edgar-wallace-box-das-grauen-schleicht-durch-london-auf-dvd\/\">Das Grauen schleicht durch London<\/a><\/td>\n<\/tr>\n<tr style=\"height: 22px;\">\n<td style=\"width: 7.428660075637507%; border-style: hidden; border-color: #ffffff; background-color: #ffffff; height: 22px;\">Label:<\/td>\n<td style=\"width: 92.57133992436249%; border-style: hidden; border-color: #ffffff; background-color: #ffffff; height: 22px;\"><a style=\"color: #003399;\" title=\"M-Square Classics\" href=\"https:\/\/ucm.one\/de\/film-labels\/m-square-pictures\/#m-square-classics\">M-Square Classics<\/a><\/td>\n<\/tr>\n<\/tbody>\n<\/table>\n<p style=\"color: #85868c;\">\n<\/div>\n<div><div class=\"gap\" style=\"line-height: 10px; height: 10px;\"><\/div><\/div>\n<div>\u2117\u00a0\u00a9 2020 <strong>M-Square Classics<\/strong> \/\u00a0<strong><span style=\"font-family: arial black, sans-serif;\">UCM.ONE<\/span><\/strong><span style=\"font-family: arial, helvetica, sans-serif;\">\u00a0<\/span><\/div>\n<div><div class=\"gap\" style=\"line-height: 20px; height: 20px;\"><\/div><\/div>\n<div>\n<div><\/div>\n<div>\n<div><div class=\"gap\" style=\"line-height: 10px; height: 10px;\"><\/div><\/div>\n<div><span style=\"color: #003a80;\"><strong>\u27a0 <a style=\"color: #003a80;\" href=\"https:\/\/ucm.one\/de\/produkt-kategorie\/art-de\/filme-de\/\">zum Shop<\/a><\/strong><\/span><\/div>\n<div><div class=\"gap\" style=\"line-height: 20px; height: 20px;\"><\/div><\/div>\n<\/div>\n<\/div>\n","protected":false},"excerpt":{"rendered":"<p>Regie: <strong>diverse Regisseure<\/strong><\/p>\n<p>Label:\u00a0<a href=\"https:\/\/ucm.one\/de\/produkt-kategorie\/label-film-de\/m-square-pictures-de\/m-square-classics-de\/\"><strong>M-Square Classics<\/strong><\/a><\/p>\n<p>Arten:\u00a0<strong><a href=\"https:\/\/ucm.one\/de\/produkt-kategorie\/art-de\/filme-de\/\">Film<\/a> (<a href=\"https:\/\/ucm.one\/de\/produkt-kategorie\/genre-film-de\/klassiker-de\/\">Klassiker<\/a>)<\/strong><\/p>\n<p>Genre: <a href=\"https:\/\/ucm.one\/de\/produkt-kategorie\/genre-film-de\/krimi-de\/\"><strong>Krimi<\/strong><\/a><\/p>\n<p>Jahr: <strong>2020<\/strong><\/p>\n<p>FSK: <strong>16<\/strong><\/p>\n<p>Format: <strong>Box (2x DVD)<\/strong><\/p>\n","protected":false},"featured_media":42606,"comment_status":"closed","ping_status":"closed","template":"","meta":{"_acf_changed":false},"product_brand":[],"product_cat":[10323,10324,10331,10335,10337,12093,9708],"product_tag":[14818,14819,14820,10326,14821,14822,14815,14816,9777,14817],"class_list":{"0":"post-82482","1":"product","2":"type-product","3":"status-publish","4":"has-post-thumbnail","6":"product_cat-m-square-pictures-de","7":"product_cat-m-square-classics-de","8":"product_cat-dvd-de","9":"product_cat-krimi-de","10":"product_cat-sonderedition-de","11":"product_cat-klassiker-de","12":"product_cat-filme-de","13":"product_tag-zdenek-kubecek","14":"product_tag-die-neunschwaenzige-katze","15":"product_tag-der-mann","16":"product_tag-m-square-classics","17":"product_tag-der-seinen-namen-aenderte","18":"product_tag-der-geheimnisvolle-moench","19":"product_tag-das-grauen-schleicht-durch-london","20":"product_tag-dario-argento","21":"product_tag-edgar-wallace","22":"product_tag-werner-voelger","23":"pa_format-dvd-box","24":"description-off","26":"first","27":"instock","28":"sale","29":"taxable","30":"shipping-taxable","31":"purchasable","32":"product-type-variable","33":"has-default-attributes"},"acf":[],"yoast_head":"<!-- This site is optimized with the Yoast SEO plugin v27.5 - https:\/\/yoast.com\/product\/yoast-seo-wordpress\/ -->\n<title>Das Grauen schleicht durch London<\/title>\n<meta name=\"description\" content=\"Shop | Das Grauen schleicht durch London | 2020 | M-Square Classics | DVD (2er Box) | FSK 16\" \/>\n<meta name=\"robots\" content=\"index, follow, max-snippet:-1, max-image-preview:large, max-video-preview:-1\" \/>\n<link rel=\"canonical\" href=\"https:\/\/ucm.one\/de\/produkt\/edgar-wallace-das-grauen-schleicht-durch-london-2x-dvd-box\/\" \/>\n<meta property=\"og:locale\" content=\"de_DE\" \/>\n<meta property=\"og:type\" content=\"article\" \/>\n<meta property=\"og:title\" content=\"Das Grauen schleicht durch London\" \/>\n<meta property=\"og:description\" content=\"Shop | Das Grauen schleicht durch London | 2020 | M-Square Classics | DVD (2er Box) | FSK 16\" \/>\n<meta property=\"og:url\" content=\"https:\/\/ucm.one\/de\/produkt\/edgar-wallace-das-grauen-schleicht-durch-london-2x-dvd-box\/\" \/>\n<meta property=\"og:site_name\" content=\"UCM.ONE\" \/>\n<meta property=\"article:modified_time\" content=\"2023-07-17T16:18:18+00:00\" \/>\n<meta property=\"og:image\" content=\"https:\/\/ucm.one\/wp-content\/uploads\/2020\/07\/C-Edgar-Wallace-Das-Grauen-schleicht-durch-London.jpg\" \/>\n<meta name=\"twitter:card\" content=\"summary_large_image\" \/>\n<meta name=\"twitter:title\" content=\"Das Grauen schleicht durch London\" \/>\n<meta name=\"twitter:description\" content=\"Shop | Das Grauen schleicht durch London | 2020 | M-Square Classics | DVD (2er Box) | FSK 16\" \/>\n<meta name=\"twitter:image\" content=\"https:\/\/ucm.one\/wp-content\/uploads\/2020\/07\/C-Edgar-Wallace-Das-Grauen-schleicht-durch-London.jpg\" \/>\n<meta name=\"twitter:label1\" content=\"Gesch\u00e4tzte Lesezeit\" \/>\n\t<meta name=\"twitter:data1\" content=\"2\u00a0Minuten\" \/>\n<!-- \/ Yoast SEO plugin. -->","yoast_head_json":{"title":"Das Grauen schleicht durch London","description":"Shop | Das Grauen schleicht durch London | 2020 | M-Square Classics | DVD (2er Box) | FSK 16","robots":{"index":"index","follow":"follow","max-snippet":"max-snippet:-1","max-image-preview":"max-image-preview:large","max-video-preview":"max-video-preview:-1"},"canonical":"https:\/\/ucm.one\/de\/produkt\/edgar-wallace-das-grauen-schleicht-durch-london-2x-dvd-box\/","og_locale":"de_DE","og_type":"article","og_title":"Das Grauen schleicht durch London","og_description":"Shop | Das Grauen schleicht durch London | 2020 | M-Square Classics | DVD (2er Box) | FSK 16","og_url":"https:\/\/ucm.one\/de\/produkt\/edgar-wallace-das-grauen-schleicht-durch-london-2x-dvd-box\/","og_site_name":"UCM.ONE","article_modified_time":"2023-07-17T16:18:18+00:00","og_image":[{"url":"https:\/\/ucm.one\/wp-content\/uploads\/2020\/07\/C-Edgar-Wallace-Das-Grauen-schleicht-durch-London.jpg","type":"","width":"","height":""}],"twitter_card":"summary_large_image","twitter_title":"Das Grauen schleicht durch London","twitter_description":"Shop | Das Grauen schleicht durch London | 2020 | M-Square Classics | DVD (2er Box) | FSK 16","twitter_image":"https:\/\/ucm.one\/wp-content\/uploads\/2020\/07\/C-Edgar-Wallace-Das-Grauen-schleicht-durch-London.jpg","twitter_misc":{"Gesch\u00e4tzte Lesezeit":"2\u00a0Minuten"},"schema":{"@context":"https:\/\/schema.org","@graph":[{"@type":"WebPage","@id":"https:\/\/ucm.one\/de\/produkt\/edgar-wallace-das-grauen-schleicht-durch-london-2x-dvd-box\/","url":"https:\/\/ucm.one\/de\/produkt\/edgar-wallace-das-grauen-schleicht-durch-london-2x-dvd-box\/","name":"Das Grauen schleicht durch London","isPartOf":{"@id":"https:\/\/ucm.one\/de\/#website"},"primaryImageOfPage":{"@id":"https:\/\/ucm.one\/de\/produkt\/edgar-wallace-das-grauen-schleicht-durch-london-2x-dvd-box\/#primaryimage"},"image":{"@id":"https:\/\/ucm.one\/de\/produkt\/edgar-wallace-das-grauen-schleicht-durch-london-2x-dvd-box\/#primaryimage"},"thumbnailUrl":"https:\/\/ucm.one\/wp-content\/uploads\/2020\/07\/C-Edgar-Wallace-Das-Grauen-schleicht-durch-London.jpg","datePublished":"2020-07-24T13:18:38+00:00","dateModified":"2023-07-17T16:18:18+00:00","description":"Shop | Das Grauen schleicht durch London | 2020 | M-Square Classics | DVD (2er Box) | FSK 16","breadcrumb":{"@id":"https:\/\/ucm.one\/de\/produkt\/edgar-wallace-das-grauen-schleicht-durch-london-2x-dvd-box\/#breadcrumb"},"inLanguage":"de","potentialAction":[{"@type":"ReadAction","target":["https:\/\/ucm.one\/de\/produkt\/edgar-wallace-das-grauen-schleicht-durch-london-2x-dvd-box\/"]}]},{"@type":"ImageObject","inLanguage":"de","@id":"https:\/\/ucm.one\/de\/produkt\/edgar-wallace-das-grauen-schleicht-durch-london-2x-dvd-box\/#primaryimage","url":"https:\/\/ucm.one\/wp-content\/uploads\/2020\/07\/C-Edgar-Wallace-Das-Grauen-schleicht-durch-London.jpg","contentUrl":"https:\/\/ucm.one\/wp-content\/uploads\/2020\/07\/C-Edgar-Wallace-Das-Grauen-schleicht-durch-London.jpg","width":704,"height":1000},{"@type":"BreadcrumbList","@id":"https:\/\/ucm.one\/de\/produkt\/edgar-wallace-das-grauen-schleicht-durch-london-2x-dvd-box\/#breadcrumb","itemListElement":[{"@type":"ListItem","position":1,"name":"Home","item":"https:\/\/ucm.one\/de\/"},{"@type":"ListItem","position":2,"name":"Shop","item":"https:\/\/ucm.one\/de\/shop\/"},{"@type":"ListItem","position":3,"name":"Edgar Wallace &#8211; Das Grauen schleicht durch London (2x DVD Box)"}]},{"@type":"WebSite","@id":"https:\/\/ucm.one\/de\/#website","url":"https:\/\/ucm.one\/de\/","name":"UCM.ONE","description":"","publisher":{"@id":"https:\/\/ucm.one\/de\/#organization"},"potentialAction":[{"@type":"SearchAction","target":{"@type":"EntryPoint","urlTemplate":"https:\/\/ucm.one\/de\/?s={search_term_string}"},"query-input":{"@type":"PropertyValueSpecification","valueRequired":true,"valueName":"search_term_string"}}],"inLanguage":"de"},{"@type":"Organization","@id":"https:\/\/ucm.one\/de\/#organization","name":"UCM.ONE","url":"https:\/\/ucm.one\/de\/","logo":{"@type":"ImageObject","inLanguage":"de","@id":"https:\/\/ucm.one\/de\/#\/schema\/logo\/image\/","url":"https:\/\/ucm.one\/wp-content\/uploads\/2019\/10\/UCM.ONE-Logo-RGB.svg","contentUrl":"https:\/\/ucm.one\/wp-content\/uploads\/2019\/10\/UCM.ONE-Logo-RGB.svg","width":1,"height":1,"caption":"UCM.ONE"},"image":{"@id":"https:\/\/ucm.one\/de\/#\/schema\/logo\/image\/"}}]}},"_links":{"self":[{"href":"https:\/\/ucm.one\/de\/wp-json\/wp\/v2\/product\/82482","targetHints":{"allow":["GET"]}}],"collection":[{"href":"https:\/\/ucm.one\/de\/wp-json\/wp\/v2\/product"}],"about":[{"href":"https:\/\/ucm.one\/de\/wp-json\/wp\/v2\/types\/product"}],"replies":[{"embeddable":true,"href":"https:\/\/ucm.one\/de\/wp-json\/wp\/v2\/comments?post=82482"}],"wp:featuredmedia":[{"embeddable":true,"href":"https:\/\/ucm.one\/de\/wp-json\/wp\/v2\/media\/42606"}],"wp:attachment":[{"href":"https:\/\/ucm.one\/de\/wp-json\/wp\/v2\/media?parent=82482"}],"wp:term":[{"taxonomy":"product_brand","embeddable":true,"href":"https:\/\/ucm.one\/de\/wp-json\/wp\/v2\/product_brand?post=82482"},{"taxonomy":"product_cat","embeddable":true,"href":"https:\/\/ucm.one\/de\/wp-json\/wp\/v2\/product_cat?post=82482"},{"taxonomy":"product_tag","embeddable":true,"href":"https:\/\/ucm.one\/de\/wp-json\/wp\/v2\/product_tag?post=82482"}],"curies":[{"name":"wp","href":"https:\/\/api.w.org\/{rel}","templated":true}]}}

<p><strong>Der geheimnisvolle Mönch </strong><br />
Unheimliches geht nachts auf Chelford Castle vor: Seit dem Mord an Abt Hubert vor rund 400 Jahren soll sein Geist in dunklen Nächten in der Abtei herumspuken. Teuflisches Geheul erklingt, wenn er anschließend durch Nebelschwaden wandert. Sergeant Putler (<strong>Jan</strong> <strong>Faltýnek</strong>), der unerschrockenste und erfolgreichste Ermittler von Scotland Yard, soll der Sache im Auftrag von Richard Chelford (<strong>Petr</strong> <strong>Stepánek</strong>) auf den Grund gehen&#8230;</p>
<p>℗1985<strong> </strong></p>
<p><strong>Der Mann, der seinen Namen änderte</strong><br />
Welches Geheimnis verbirgt der wohlhabende Selby Clive (<strong>Fritz</strong> <strong>Tillmann</strong>)? Was geschah während seines Aufenthalts in Kanada? Hat er dort mehrere Verbrechen begangen? Selbys Ehefrau Nita (<strong>Hannelore</strong> <strong>Schroth</strong>) und ihr Jugendfreund Frank O&#8217;Ryan (<strong>Ernst</strong> <strong>Stankovski</strong>) finden ein geheimes Dokument in seinem Schreibtisch. Dieses lässt darauf schließen, dass Selby früher anders hieß. Nita und Frank beginnen an dessen Anständigkeit zu zweifeln. Der Bericht eines Hobbydetektivs untermauert ihre Vermutungen. Die beiden leben fortan in ständiger Angst, dass Selby tatsächlich ein Verbrecher ist und sie als nächste Opfer auserkoren hat&#8230;</p>
<p>℗1958 Nord- und Westdeutscher Rundfunkverband (NWRV)</p>
<p><strong>Die Neunschwänzige Katze </strong><br />
Ein Reporter namens Franco Arno verlor bei einem Unfall sein Augenlicht und konnte deswegen seinen Job als Reporter nicht mehr ausüben. Als Blinder ist er auf die Hilfe seiner jungen Nichte angewiesen. Er verdient sich trotzdem immer noch Geld bei der Zeitung, indem er Kreuzworträtsel herstellt. Als er eines Tages mit seiner Nichte spazieren geht, hört er vor einem medizinischen Institut zufällig eine seltsame Unterhaltung von zwei Männern in einem Auto mit. Später an diesem Tag, oder genauer gesagt in der Nacht, bricht jemand ohne ersichtlichen Grund in dieses Institut ein und tötet dabei einen Wachmann. Der neugierige Arno beschließt darauf, ein wenig auf eigene Faust nachzuforschen&#8230;</p>
<p>℗1971 Seda Spettacoli, Terra-Filmkunst, Labrador Films</p>
<div><div class="gap" style="line-height: 20px; height: 20px;"></div></div>
<h5>Weitere Informationen</h5>
<div>
<table style="border-collapse: collapse; width: 100%; height: 44px;">
<tbody>
<tr style="height: 22px;">
<td style="width: 7.428660075637507%; border-style: hidden; border-color: #ffffff; background-color: #ffffff; height: 22px;">Filme:</td>
<td style="width: 92.57133992436249%; border-style: hidden; border-color: #ffffff; background-color: #ffffff; height: 22px;"><a href="https://ucm.one/de/ucm-one-veroeffentlicht-edgar-wallace-box-das-grauen-schleicht-durch-london-auf-dvd/">Das Grauen schleicht durch London</a></td>
</tr>
<tr style="height: 22px;">
<td style="width: 7.428660075637507%; border-style: hidden; border-color: #ffffff; background-color: #ffffff; height: 22px;">Label:</td>
<td style="width: 92.57133992436249%; border-style: hidden; border-color: #ffffff; background-color: #ffffff; height: 22px;"><a style="color: #003399;" title="M-Square Classics" href="https://ucm.one/de/film-labels/m-square-pictures/#m-square-classics">M-Square Classics</a></td>
</tr>
</tbody>
</table>
<p style="color: #85868c;">
</div>
<div><div class="gap" style="line-height: 10px; height: 10px;"></div></div>
<div>℗ © 2020 <strong>M-Square Classics</strong> / <strong><span style="font-family: arial black, sans-serif;">UCM.ONE</span></strong><span style="font-family: arial, helvetica, sans-serif;"> </span></div>
<div><div class="gap" style="line-height: 20px; height: 20px;"></div></div>
<div>
<div></div>
<div>
<div><div class="gap" style="line-height: 10px; height: 10px;"></div></div>
<div><span style="color: #003a80;"><strong>➠ <a style="color: #003a80;" href="https://ucm.one/de/produkt-kategorie/art-de/filme-de/">zum Shop</a></strong></span></div>
<div><div class="gap" style="line-height: 20px; height: 20px;"></div></div>
</div>
</div>

<!-- This site is optimized with the Yoast SEO plugin v27.5 - https://yoast.com/product/yoast-seo-wordpress/ -->
<title>Das Grauen schleicht durch London</title>
<meta name="description" content="Shop | Das Grauen schleicht durch London | 2020 | M-Square Classics | DVD (2er Box) | FSK 16" />
<meta name="robots" content="index, follow, max-snippet:-1, max-image-preview:large, max-video-preview:-1" />
<link rel="canonical" href="https://ucm.one/de/produkt/edgar-wallace-das-grauen-schleicht-durch-london-2x-dvd-box/" />
<meta property="og:locale" content="de_DE" />
<meta property="og:type" content="article" />
<meta property="og:title" content="Das Grauen schleicht durch London" />
<meta property="og:description" content="Shop | Das Grauen schleicht durch London | 2020 | M-Square Classics | DVD (2er Box) | FSK 16" />
<meta property="og:url" content="https://ucm.one/de/produkt/edgar-wallace-das-grauen-schleicht-durch-london-2x-dvd-box/" />
<meta property="og:site_name" content="UCM.ONE" />
<meta property="article:modified_time" content="2023-07-17T16:18:18+00:00" />
<meta property="og:image" content="https://ucm.one/wp-content/uploads/2020/07/C-Edgar-Wallace-Das-Grauen-schleicht-durch-London.jpg" />
<meta name="twitter:card" content="summary_large_image" />
<meta name="twitter:title" content="Das Grauen schleicht durch London" />
<meta name="twitter:description" content="Shop | Das Grauen schleicht durch London | 2020 | M-Square Classics | DVD (2er Box) | FSK 16" />
<meta name="twitter:image" content="https://ucm.one/wp-content/uploads/2020/07/C-Edgar-Wallace-Das-Grauen-schleicht-durch-London.jpg" />
<meta name="twitter:label1" content="Geschätzte Lesezeit" />
	<meta name="twitter:data1" content="2 Minuten" />
<!-- / Yoast SEO plugin. -->
