{"id":80549,"date":"2020-11-20T11:32:35","date_gmt":"2020-11-20T11:32:35","guid":{"rendered":"https:\/\/ucm.one\/?post_type=product&#038;p=80549"},"modified":"2023-10-20T11:17:30","modified_gmt":"2023-10-20T11:17:30","slug":"angels-fallen-der-kampf-zwischen-gut-und-boese","status":"publish","type":"product","link":"https:\/\/ucm.one\/de\/produkt\/angels-fallen-der-kampf-zwischen-gut-und-boese\/","title":{"rendered":"Angels Fallen &#8211; Der Kampf zwischen Gut und B\u00f6se"},"content":{"rendered":"<div class=\"wpb_text_column wpb_content_element \">\n<div class=\"wpb_wrapper\">\n<div class=\"\">\n<div class=\"wpb_text_column wpb_content_element \">\n<div class=\"wpb_wrapper\">\n<div class=\"wpb_text_column wpb_content_element \">\n<div class=\"wpb_wrapper\">\n<p style=\"font-weight: 400;\"><span style=\"font-weight: 400;\">Nach dem tragischen Verlust seiner Frau im Kampf gegen die M\u00e4chte der Finsternis, wird Gabriel von Balthazar (<strong>Michael Madsen<\/strong>) \u00fcberredet, sich wieder seinem ehemaligen Team von D\u00e4monenj\u00e4gern anzuschlie\u00dfen. Sie sollen nach Europa reisen, um dort vier gefallene Engel, die Tod und Verderben \u00fcber die Menschheit bringen sollen, zu stellen. Zu seinem Team geh\u00f6ren u.a. sein ehemaliger bester Freund Michael, der ein dunkles Geheimnis verbirgt, die geheimnisvolle Hannah, die die Zukunft vorhersagen kann und die mit fast \u00fcbernat\u00fcrlichen Martial Arts-F\u00e4higkeiten gesegnete Lola (<strong>Li Jing<\/strong>). Nachdem Gabriel schon bei der ersten Konfrontation mit den Engeln einen Teil seines Teams verliert, muss er sich mit seiner schmerzhaften Vergangenheit auseinandersetzen und entscheiden, wen er wirklich zu seinen Verb\u00fcndeten z\u00e4hlen kann\u2026<\/span><\/p>\n<\/div>\n<\/div>\n<\/div>\n<\/div>\n<\/div>\n<\/div>\n<\/div>\n<div><div class=\"gap\" style=\"line-height: 20px; height: 20px;\"><\/div><\/div>\n<h5>Weitere Informationen<\/h5>\n<div>\n<div>\n<table style=\"height: 67px; width: 100%; border-collapse: collapse; border-color: #ffffff; background-color: #ffffff; border-style: hidden;\">\n<tbody>\n<tr style=\"height: 23px;\">\n<td style=\"width: 4.912165%; height: 23px; border-style: hidden;\">Label:<\/td>\n<td style=\"width: 95.087835%; height: 23px; border-style: hidden;\"><a title=\"B-Spree Pictures\" href=\"https:\/\/ucm.one\/de\/film-labels\/b-spree-pictures\/\">B-Spree Pictures<\/a><\/td>\n<\/tr>\n<\/tbody>\n<\/table>\n<\/div>\n<div><\/div>\n<\/div>\n<div>\n<div><div class=\"gap\" style=\"line-height: 10px; height: 10px;\"><\/div><\/div>\n<div>\u2117 2019 <strong>AZ Film Studios, Marquis Productions, Thriller Films<\/strong>, \u00a9 2020 <strong>B-Spree Pictures<\/strong>\u00a0\/\u00a0<span style=\"font-family: 'arial black', sans-serif;\"><strong>UCM.ONE<\/strong><\/span><\/div>\n<div><div class=\"gap\" style=\"line-height: 20px; height: 20px;\"><\/div><\/div>\n<\/div>\n<div>\n<div><\/div>\n<div>\n<div><div class=\"gap\" style=\"line-height: 10px; height: 10px;\"><\/div><\/div>\n<div><span style=\"color: #003a80;\"><strong>\u27a0 <a style=\"color: #003a80;\" href=\"https:\/\/ucm.one\/de\/produkt-kategorie\/art-de\/filme-de\/\">zum Shop<\/a><\/strong><\/span><\/div>\n<div><div class=\"gap\" style=\"line-height: 20px; height: 20px;\"><\/div><\/div>\n<\/div>\n<\/div>\n","protected":false},"excerpt":{"rendered":"<p>Regie:<a href=\"https:\/\/ucm.one\/de\/?s=%22Ali+Zamani%22&amp;post_type=product\"><strong> Ali Zamani<\/strong><\/a><\/p>\n<p>Label:\u00a0<a title=\"\" href=\"https:\/\/ucm.one\/de\/produkt-kategorie\/label-film-de\/b-spree-pictures-de\/\"><strong>B-Spree Pictures<\/strong><\/a><\/p>\n<p>Art:\u00a0<strong><a href=\"https:\/\/ucm.one\/de\/produkt-kategorie\/art-de\/filme-de\/\">Film<\/a> (Spielfilm)<\/strong><\/p>\n<p>Genre: <a href=\"https:\/\/ucm.one\/de\/produkt-kategorie\/genre-film-de\/fantasy-de\/\"><strong>Fantasy<\/strong><\/a>, <a href=\"https:\/\/ucm.one\/de\/produkt-kategorie\/genre-film-de\/horror-de\/\"><strong>Horror<\/strong><\/a><b><\/b><\/p>\n<p>Jahr: <strong>2020<\/strong><\/p>\n<p>FSK: <strong>16<\/strong><\/p>\n<p>Format: <strong>Diverse<\/strong><\/p>\n","protected":false},"featured_media":81226,"comment_status":"open","ping_status":"closed","template":"","meta":{"_acf_changed":false},"product_brand":[],"product_cat":[10331,10332,10341,9708,10327,10328],"product_tag":[14613,14614,14615,10942,11307,14608,14609,14610,14611,14612],"class_list":{"0":"post-80549","1":"product","2":"type-product","3":"status-publish","4":"has-post-thumbnail","6":"product_cat-dvd-de","7":"product_cat-blu-ray-de","8":"product_cat-b-spree-pictures-de","9":"product_cat-filme-de","10":"product_cat-horror-de","11":"product_cat-fantasy-de","12":"product_tag-houston-rhines","13":"product_tag-nicola-posener","14":"product_tag-michael-teh","15":"product_tag-b-spree-pictures","16":"product_tag-eric-roberts","17":"product_tag-angels-fallen-der-kampf-zwischen-gut-und-boese","18":"product_tag-angels-fallen","19":"product_tag-ali-zamani","20":"product_tag-michael-madsen","21":"product_tag-li-jing","22":"pa_format-dvd","23":"pa_format-blu-ray-de","24":"description-off","26":"first","27":"instock","28":"sale","29":"taxable","30":"shipping-taxable","31":"purchasable","32":"product-type-variable"},"acf":[],"yoast_head":"<!-- This site is optimized with the Yoast SEO plugin v27.5 - https:\/\/yoast.com\/product\/yoast-seo-wordpress\/ -->\n<title>Angels Fallen - Der Kampf zwischen Gut und B\u00f6se<\/title>\n<meta name=\"description\" content=\"Shop | Angels Fallen - Der Kampf zwischen Gut und B\u00f6se| 2020 | B-Spree Pictures | Blu-Ray &amp; DVD | FSK 16\" \/>\n<meta name=\"robots\" content=\"index, follow, max-snippet:-1, max-image-preview:large, max-video-preview:-1\" \/>\n<link rel=\"canonical\" href=\"https:\/\/ucm.one\/de\/produkt\/angels-fallen-der-kampf-zwischen-gut-und-boese\/\" \/>\n<meta property=\"og:locale\" content=\"de_DE\" \/>\n<meta property=\"og:type\" content=\"article\" \/>\n<meta property=\"og:title\" content=\"Angels Fallen - Der Kampf zwischen Gut und B\u00f6se\" \/>\n<meta property=\"og:description\" content=\"Shop | Angels Fallen - Der Kampf zwischen Gut und B\u00f6se| 2020 | B-Spree Pictures | Blu-Ray &amp; DVD | FSK 16\" \/>\n<meta property=\"og:url\" content=\"https:\/\/ucm.one\/de\/produkt\/angels-fallen-der-kampf-zwischen-gut-und-boese\/\" \/>\n<meta property=\"og:site_name\" content=\"UCM.ONE\" \/>\n<meta property=\"article:modified_time\" content=\"2023-10-20T11:17:30+00:00\" \/>\n<meta property=\"og:image\" content=\"https:\/\/ucm.one\/wp-content\/uploads\/2000\/01\/C-Angels-Fallen-DVD-2D-FSK16.jpg\" \/>\n<meta name=\"twitter:card\" content=\"summary_large_image\" \/>\n<meta name=\"twitter:title\" content=\"Angels Fallen - Der Kampf zwischen Gut und B\u00f6se\" \/>\n<meta name=\"twitter:description\" content=\"Shop | Angels Fallen - Der Kampf zwischen Gut und B\u00f6se| 2020 | B-Spree Pictures | Blu-Ray &amp; DVD | FSK 16\" \/>\n<meta name=\"twitter:image\" content=\"https:\/\/ucm.one\/wp-content\/uploads\/2000\/01\/C-Angels-Fallen-DVD-2D-FSK16.jpg\" \/>\n<meta name=\"twitter:label1\" content=\"Gesch\u00e4tzte Lesezeit\" \/>\n\t<meta name=\"twitter:data1\" content=\"1\u00a0Minute\" \/>\n<!-- \/ Yoast SEO plugin. -->","yoast_head_json":{"title":"Angels Fallen - Der Kampf zwischen Gut und B\u00f6se","description":"Shop | Angels Fallen - Der Kampf zwischen Gut und B\u00f6se| 2020 | B-Spree Pictures | Blu-Ray & DVD | FSK 16","robots":{"index":"index","follow":"follow","max-snippet":"max-snippet:-1","max-image-preview":"max-image-preview:large","max-video-preview":"max-video-preview:-1"},"canonical":"https:\/\/ucm.one\/de\/produkt\/angels-fallen-der-kampf-zwischen-gut-und-boese\/","og_locale":"de_DE","og_type":"article","og_title":"Angels Fallen - Der Kampf zwischen Gut und B\u00f6se","og_description":"Shop | Angels Fallen - Der Kampf zwischen Gut und B\u00f6se| 2020 | B-Spree Pictures | Blu-Ray & DVD | FSK 16","og_url":"https:\/\/ucm.one\/de\/produkt\/angels-fallen-der-kampf-zwischen-gut-und-boese\/","og_site_name":"UCM.ONE","article_modified_time":"2023-10-20T11:17:30+00:00","og_image":[{"url":"https:\/\/ucm.one\/wp-content\/uploads\/2000\/01\/C-Angels-Fallen-DVD-2D-FSK16.jpg","type":"","width":"","height":""}],"twitter_card":"summary_large_image","twitter_title":"Angels Fallen - Der Kampf zwischen Gut und B\u00f6se","twitter_description":"Shop | Angels Fallen - Der Kampf zwischen Gut und B\u00f6se| 2020 | B-Spree Pictures | Blu-Ray & DVD | FSK 16","twitter_image":"https:\/\/ucm.one\/wp-content\/uploads\/2000\/01\/C-Angels-Fallen-DVD-2D-FSK16.jpg","twitter_misc":{"Gesch\u00e4tzte Lesezeit":"1\u00a0Minute"},"schema":{"@context":"https:\/\/schema.org","@graph":[{"@type":"WebPage","@id":"https:\/\/ucm.one\/de\/produkt\/angels-fallen-der-kampf-zwischen-gut-und-boese\/","url":"https:\/\/ucm.one\/de\/produkt\/angels-fallen-der-kampf-zwischen-gut-und-boese\/","name":"Angels Fallen - Der Kampf zwischen Gut und B\u00f6se","isPartOf":{"@id":"https:\/\/ucm.one\/de\/#website"},"primaryImageOfPage":{"@id":"https:\/\/ucm.one\/de\/produkt\/angels-fallen-der-kampf-zwischen-gut-und-boese\/#primaryimage"},"image":{"@id":"https:\/\/ucm.one\/de\/produkt\/angels-fallen-der-kampf-zwischen-gut-und-boese\/#primaryimage"},"thumbnailUrl":"https:\/\/ucm.one\/wp-content\/uploads\/2000\/01\/C-Angels-Fallen-DVD-2D-FSK16.jpg","datePublished":"2020-11-20T11:32:35+00:00","dateModified":"2023-10-20T11:17:30+00:00","description":"Shop | Angels Fallen - Der Kampf zwischen Gut und B\u00f6se| 2020 | B-Spree Pictures | Blu-Ray & DVD | FSK 16","breadcrumb":{"@id":"https:\/\/ucm.one\/de\/produkt\/angels-fallen-der-kampf-zwischen-gut-und-boese\/#breadcrumb"},"inLanguage":"de","potentialAction":[{"@type":"ReadAction","target":["https:\/\/ucm.one\/de\/produkt\/angels-fallen-der-kampf-zwischen-gut-und-boese\/"]}]},{"@type":"ImageObject","inLanguage":"de","@id":"https:\/\/ucm.one\/de\/produkt\/angels-fallen-der-kampf-zwischen-gut-und-boese\/#primaryimage","url":"https:\/\/ucm.one\/wp-content\/uploads\/2000\/01\/C-Angels-Fallen-DVD-2D-FSK16.jpg","contentUrl":"https:\/\/ucm.one\/wp-content\/uploads\/2000\/01\/C-Angels-Fallen-DVD-2D-FSK16.jpg","width":699,"height":1000},{"@type":"BreadcrumbList","@id":"https:\/\/ucm.one\/de\/produkt\/angels-fallen-der-kampf-zwischen-gut-und-boese\/#breadcrumb","itemListElement":[{"@type":"ListItem","position":1,"name":"Home","item":"https:\/\/ucm.one\/de\/"},{"@type":"ListItem","position":2,"name":"Shop","item":"https:\/\/ucm.one\/de\/shop\/"},{"@type":"ListItem","position":3,"name":"Angels Fallen &#8211; Der Kampf zwischen Gut und B\u00f6se"}]},{"@type":"WebSite","@id":"https:\/\/ucm.one\/de\/#website","url":"https:\/\/ucm.one\/de\/","name":"UCM.ONE","description":"","publisher":{"@id":"https:\/\/ucm.one\/de\/#organization"},"potentialAction":[{"@type":"SearchAction","target":{"@type":"EntryPoint","urlTemplate":"https:\/\/ucm.one\/de\/?s={search_term_string}"},"query-input":{"@type":"PropertyValueSpecification","valueRequired":true,"valueName":"search_term_string"}}],"inLanguage":"de"},{"@type":"Organization","@id":"https:\/\/ucm.one\/de\/#organization","name":"UCM.ONE","url":"https:\/\/ucm.one\/de\/","logo":{"@type":"ImageObject","inLanguage":"de","@id":"https:\/\/ucm.one\/de\/#\/schema\/logo\/image\/","url":"https:\/\/ucm.one\/wp-content\/uploads\/2019\/10\/UCM.ONE-Logo-RGB.svg","contentUrl":"https:\/\/ucm.one\/wp-content\/uploads\/2019\/10\/UCM.ONE-Logo-RGB.svg","width":1,"height":1,"caption":"UCM.ONE"},"image":{"@id":"https:\/\/ucm.one\/de\/#\/schema\/logo\/image\/"}}]}},"_links":{"self":[{"href":"https:\/\/ucm.one\/de\/wp-json\/wp\/v2\/product\/80549","targetHints":{"allow":["GET"]}}],"collection":[{"href":"https:\/\/ucm.one\/de\/wp-json\/wp\/v2\/product"}],"about":[{"href":"https:\/\/ucm.one\/de\/wp-json\/wp\/v2\/types\/product"}],"replies":[{"embeddable":true,"href":"https:\/\/ucm.one\/de\/wp-json\/wp\/v2\/comments?post=80549"}],"wp:featuredmedia":[{"embeddable":true,"href":"https:\/\/ucm.one\/de\/wp-json\/wp\/v2\/media\/81226"}],"wp:attachment":[{"href":"https:\/\/ucm.one\/de\/wp-json\/wp\/v2\/media?parent=80549"}],"wp:term":[{"taxonomy":"product_brand","embeddable":true,"href":"https:\/\/ucm.one\/de\/wp-json\/wp\/v2\/product_brand?post=80549"},{"taxonomy":"product_cat","embeddable":true,"href":"https:\/\/ucm.one\/de\/wp-json\/wp\/v2\/product_cat?post=80549"},{"taxonomy":"product_tag","embeddable":true,"href":"https:\/\/ucm.one\/de\/wp-json\/wp\/v2\/product_tag?post=80549"}],"curies":[{"name":"wp","href":"https:\/\/api.w.org\/{rel}","templated":true}]}}

Angels Fallen &#8211; Der Kampf zwischen Gut und Böse

<div class="wpb_text_column wpb_content_element ">
<div class="wpb_wrapper">
<div class="">
<div class="wpb_text_column wpb_content_element ">
<div class="wpb_wrapper">
<div class="wpb_text_column wpb_content_element ">
<div class="wpb_wrapper">
<p style="font-weight: 400;"><span style="font-weight: 400;">Nach dem tragischen Verlust seiner Frau im Kampf gegen die Mächte der Finsternis, wird Gabriel von Balthazar (<strong>Michael Madsen</strong>) überredet, sich wieder seinem ehemaligen Team von Dämonenjägern anzuschließen. Sie sollen nach Europa reisen, um dort vier gefallene Engel, die Tod und Verderben über die Menschheit bringen sollen, zu stellen. Zu seinem Team gehören u.a. sein ehemaliger bester Freund Michael, der ein dunkles Geheimnis verbirgt, die geheimnisvolle Hannah, die die Zukunft vorhersagen kann und die mit fast übernatürlichen Martial Arts-Fähigkeiten gesegnete Lola (<strong>Li Jing</strong>). Nachdem Gabriel schon bei der ersten Konfrontation mit den Engeln einen Teil seines Teams verliert, muss er sich mit seiner schmerzhaften Vergangenheit auseinandersetzen und entscheiden, wen er wirklich zu seinen Verbündeten zählen kann…</span></p>
</div>
</div>
</div>
</div>
</div>
</div>
</div>
<div><div class="gap" style="line-height: 20px; height: 20px;"></div></div>
<h5>Weitere Informationen</h5>
<div>
<div>
<table style="height: 67px; width: 100%; border-collapse: collapse; border-color: #ffffff; background-color: #ffffff; border-style: hidden;">
<tbody>
<tr style="height: 23px;">
<td style="width: 4.912165%; height: 23px; border-style: hidden;">Label:</td>
<td style="width: 95.087835%; height: 23px; border-style: hidden;"><a title="B-Spree Pictures" href="https://ucm.one/de/film-labels/b-spree-pictures/">B-Spree Pictures</a></td>
</tr>
</tbody>
</table>
</div>
<div></div>
</div>
<div>
<div><div class="gap" style="line-height: 10px; height: 10px;"></div></div>
<div>℗ 2019 <strong>AZ Film Studios, Marquis Productions, Thriller Films</strong>, © 2020 <strong>B-Spree Pictures</strong> / <span style="font-family: 'arial black', sans-serif;"><strong>UCM.ONE</strong></span></div>
<div><div class="gap" style="line-height: 20px; height: 20px;"></div></div>
</div>
<div>
<div></div>
<div>
<div><div class="gap" style="line-height: 10px; height: 10px;"></div></div>
<div><span style="color: #003a80;"><strong>➠ <a style="color: #003a80;" href="https://ucm.one/de/produkt-kategorie/art-de/filme-de/">zum Shop</a></strong></span></div>
<div><div class="gap" style="line-height: 20px; height: 20px;"></div></div>
</div>
</div>

<!-- This site is optimized with the Yoast SEO plugin v27.5 - https://yoast.com/product/yoast-seo-wordpress/ -->
<title>Angels Fallen - Der Kampf zwischen Gut und Böse</title>
<meta name="description" content="Shop | Angels Fallen - Der Kampf zwischen Gut und Böse| 2020 | B-Spree Pictures | Blu-Ray &amp; DVD | FSK 16" />
<meta name="robots" content="index, follow, max-snippet:-1, max-image-preview:large, max-video-preview:-1" />
<link rel="canonical" href="https://ucm.one/de/produkt/angels-fallen-der-kampf-zwischen-gut-und-boese/" />
<meta property="og:locale" content="de_DE" />
<meta property="og:type" content="article" />
<meta property="og:title" content="Angels Fallen - Der Kampf zwischen Gut und Böse" />
<meta property="og:description" content="Shop | Angels Fallen - Der Kampf zwischen Gut und Böse| 2020 | B-Spree Pictures | Blu-Ray &amp; DVD | FSK 16" />
<meta property="og:url" content="https://ucm.one/de/produkt/angels-fallen-der-kampf-zwischen-gut-und-boese/" />
<meta property="og:site_name" content="UCM.ONE" />
<meta property="article:modified_time" content="2023-10-20T11:17:30+00:00" />
<meta property="og:image" content="https://ucm.one/wp-content/uploads/2000/01/C-Angels-Fallen-DVD-2D-FSK16.jpg" />
<meta name="twitter:card" content="summary_large_image" />
<meta name="twitter:title" content="Angels Fallen - Der Kampf zwischen Gut und Böse" />
<meta name="twitter:description" content="Shop | Angels Fallen - Der Kampf zwischen Gut und Böse| 2020 | B-Spree Pictures | Blu-Ray &amp; DVD | FSK 16" />
<meta name="twitter:image" content="https://ucm.one/wp-content/uploads/2000/01/C-Angels-Fallen-DVD-2D-FSK16.jpg" />
<meta name="twitter:label1" content="Geschätzte Lesezeit" />
	<meta name="twitter:data1" content="1 Minute" />
<!-- / Yoast SEO plugin. -->

Angels Fallen - Der Kampf zwischen Gut und Böse

Shop | Angels Fallen - Der Kampf zwischen Gut und Böse| 2020 | B-Spree Pictures | Blu-Ray & DVD | FSK 16
