{"id":75256,"date":"2021-07-16T10:42:24","date_gmt":"2021-07-16T10:42:24","guid":{"rendered":"https:\/\/ucm.one\/?post_type=product&#038;p=75256"},"modified":"2023-06-18T13:22:56","modified_gmt":"2023-06-18T13:22:56","slug":"the-trees-have-eyes","status":"publish","type":"product","link":"https:\/\/ucm.one\/de\/produkt\/the-trees-have-eyes\/","title":{"rendered":"The Trees have Eyes"},"content":{"rendered":"<div class=\"wpb_text_column wpb_content_element \">\n<div class=\"wpb_wrapper\">\n<div class=\"\">\n<div class=\"wpb_text_column wpb_content_element \">\n<div class=\"wpb_wrapper\">\n<div class=\"wpb_text_column wpb_content_element \">\n<div class=\"wpb_wrapper\">\n<div class=\"wpb_text_column wpb_content_element \">\n<div class=\"wpb_wrapper\">\n<p style=\"font-weight: 400;\"><span style=\"font-weight: 400;\">Auf der Jagd nach einem fl\u00fcchtigen Gewaltverbrecher, begibt sich eine Gruppe von schwer bewaffneten Kopfgeldj\u00e4gern unter der F\u00fchrung von Bosk (<strong>Tony Moran<\/strong>) und Henry (<strong>Timothy Patrick Quill<\/strong>) in die weiten W\u00e4lder Neuenglands. W\u00e4hrend sie der Spur des M\u00f6rders folgen, trifft die Gruppe auf Wanderer und andere Camper, die von seltsamen Geschehnissen im Wald berichten. Zun\u00e4chst schenken Sie den Warnungen vor lebenden Toten und wandelnden Leichen keine Beachtung, doch schon in der ersten Nacht werden sie pl\u00f6tzlich attackiert. Ohne einen Unterschlupf und ohne Hilfe von au\u00dfen scheint der \u00dcberlebenskampf gegen die blutr\u00fcnstigen Zombies aussichtslos\u2026<\/span><\/p>\n<\/div>\n<\/div>\n<\/div>\n<\/div>\n<\/div>\n<\/div>\n<\/div>\n<\/div>\n<\/div>\n<div><div class=\"gap\" style=\"line-height: 20px; height: 20px;\"><\/div><\/div>\n<h5>Weitere Informationen<\/h5>\n<div>\n<div>\n<table style=\"height: 46px; width: 100%; border-collapse: collapse; border-color: #ffffff; background-color: #ffffff; border-style: hidden;\">\n<tbody>\n<tr style=\"height: 23px;\">\n<td style=\"width: 4.701195219123506%; height: 23px; border-style: hidden;\">Label:<\/td>\n<td style=\"width: 95.29880478087651%; height: 23px; border-style: hidden;\"><a title=\"M-Square Pictures\" href=\"https:\/\/ucm.one\/de\/film-labels\/m-square-pictures\">M-Square Pictures<\/a><\/td>\n<\/tr>\n<\/tbody>\n<\/table>\n<\/div>\n<div><\/div>\n<\/div>\n<div>\n<div><div class=\"gap\" style=\"line-height: 10px; height: 10px;\"><\/div><\/div>\n<div>\u2117 2020 <strong>Cyfuno Ventures, Lock it Down Productions<\/strong>, \u00a9 2021\u00a0<strong>M-Square Pictures<\/strong> \/ <span style=\"font-family: 'arial black', sans-serif;\"><strong>UCM.ONE<\/strong><\/span><\/div>\n<div><div class=\"gap\" style=\"line-height: 20px; height: 20px;\"><\/div><\/div>\n<div>\n<div><\/div>\n<div>\n<div><div class=\"gap\" style=\"line-height: 10px; height: 10px;\"><\/div><\/div>\n<div><span style=\"color: #003a80;\"><strong>\u27a0 <a style=\"color: #003a80;\" href=\"https:\/\/ucm.one\/de\/produkt-kategorie\/art-de\/filme-de\/\">zum Shop<\/a><\/strong><\/span><\/div>\n<div><div class=\"gap\" style=\"line-height: 20px; height: 20px;\"><\/div><\/div>\n<\/div>\n<\/div>\n<\/div>\n","protected":false},"excerpt":{"rendered":"<p>Regie: <a href=\"https:\/\/ucm.one\/de\/?s=%22Jordan+Pacheco%22&amp;post_type=product\"><strong>Jordan Pacheco<\/strong><\/a><\/p>\n<p>Label: <a title=\"M-Square Pictures\" href=\"https:\/\/ucm.one\/de\/produkt-kategorie\/label-film-de\/m-square-pictures-de\"><strong>M-Square Pictures<\/strong><\/a><\/p>\n<p>Art:\u00a0<strong><a href=\"https:\/\/ucm.one\/de\/produkt-kategorie\/art-de\/filme-de\/\">Film<\/a> (Spielfilm)\u00a0<\/strong><\/p>\n<p>Genres:\u00a0<b><a href=\"https:\/\/ucm.one\/de\/produkt-kategorie\/genre-film-de\/horror-de\/\">Horror<\/a>, <strong><a href=\"https:\/\/ucm.one\/de\/produkt-kategorie\/genre-film-de\/mystery-de\/\">Mystery<\/a><\/strong><\/b><\/p>\n<p>Jahr: <strong>2021<\/strong><\/p>\n<p>FSK: <strong>18<\/strong><\/p>\n<p>Formate: <strong>Diverse<\/strong><\/p>\n","protected":false},"featured_media":75359,"comment_status":"open","ping_status":"closed","template":"","meta":{"_acf_changed":false},"product_brand":[],"product_cat":[9708,10323,10327,10329,10331,10332],"product_tag":[13880,13881,13882,13883,13884,13885,13878,13879],"class_list":{"0":"post-75256","1":"product","2":"type-product","3":"status-publish","4":"has-post-thumbnail","6":"product_cat-filme-de","7":"product_cat-m-square-pictures-de","8":"product_cat-horror-de","9":"product_cat-mystery-de","10":"product_cat-dvd-de","11":"product_cat-blu-ray-de","12":"product_tag-jordan-pacheco","13":"product_tag-tony-moran","14":"product_tag-timothy-patrick-quill","15":"product_tag-david-michael-carpenter","16":"product_tag-jackie-b-fabian","17":"product_tag-chris-oreilly","18":"product_tag-the-trees-have-eyes","19":"product_tag-dead-bounty","20":"pa_format-blu-ray-de","21":"pa_format-dvd","22":"description-off","24":"first","25":"instock","26":"sale","27":"taxable","28":"shipping-taxable","29":"purchasable","30":"product-type-variable"},"acf":[],"yoast_head":"<!-- This site is optimized with the Yoast SEO plugin v27.5 - https:\/\/yoast.com\/product\/yoast-seo-wordpress\/ -->\n<title>The Trees have Eyes<\/title>\n<meta name=\"description\" content=\"Shop | The Trees have Eyes | 2021 | M-Square Pictures | Blu-Ray, DVD | FSK 18\" \/>\n<meta name=\"robots\" content=\"index, follow, max-snippet:-1, max-image-preview:large, max-video-preview:-1\" \/>\n<link rel=\"canonical\" href=\"https:\/\/ucm.one\/de\/produkt\/the-trees-have-eyes\/\" \/>\n<meta property=\"og:locale\" content=\"de_DE\" \/>\n<meta property=\"og:type\" content=\"article\" \/>\n<meta property=\"og:title\" content=\"The Trees have Eyes\" \/>\n<meta property=\"og:description\" content=\"Shop | The Trees have Eyes | 2021 | M-Square Pictures | Blu-Ray, DVD | FSK 18\" \/>\n<meta property=\"og:url\" content=\"https:\/\/ucm.one\/de\/produkt\/the-trees-have-eyes\/\" \/>\n<meta property=\"og:site_name\" content=\"UCM.ONE\" \/>\n<meta property=\"article:modified_time\" content=\"2023-06-18T13:22:56+00:00\" \/>\n<meta property=\"og:image\" content=\"https:\/\/ucm.one\/wp-content\/uploads\/2000\/01\/C-The-trees-have-eyes-DVD-2D-FSK18.jpg\" \/>\n<meta name=\"twitter:card\" content=\"summary_large_image\" \/>\n<meta name=\"twitter:title\" content=\"The Trees have Eyes |\" \/>\n<meta name=\"twitter:description\" content=\"Shop | The Trees have Eyes | 2021 | M-Square Pictures | Blu-Ray, DVD | FSK 18\" \/>\n<meta name=\"twitter:image\" content=\"https:\/\/ucm.one\/wp-content\/uploads\/2000\/01\/C-The-trees-have-eyes-DVD-2D-FSK18.jpg\" \/>\n<meta name=\"twitter:label1\" content=\"Gesch\u00e4tzte Lesezeit\" \/>\n\t<meta name=\"twitter:data1\" content=\"1\u00a0Minute\" \/>\n<!-- \/ Yoast SEO plugin. -->","yoast_head_json":{"title":"The Trees have Eyes","description":"Shop | The Trees have Eyes | 2021 | M-Square Pictures | Blu-Ray, DVD | FSK 18","robots":{"index":"index","follow":"follow","max-snippet":"max-snippet:-1","max-image-preview":"max-image-preview:large","max-video-preview":"max-video-preview:-1"},"canonical":"https:\/\/ucm.one\/de\/produkt\/the-trees-have-eyes\/","og_locale":"de_DE","og_type":"article","og_title":"The Trees have Eyes","og_description":"Shop | The Trees have Eyes | 2021 | M-Square Pictures | Blu-Ray, DVD | FSK 18","og_url":"https:\/\/ucm.one\/de\/produkt\/the-trees-have-eyes\/","og_site_name":"UCM.ONE","article_modified_time":"2023-06-18T13:22:56+00:00","og_image":[{"url":"https:\/\/ucm.one\/wp-content\/uploads\/2000\/01\/C-The-trees-have-eyes-DVD-2D-FSK18.jpg","type":"","width":"","height":""}],"twitter_card":"summary_large_image","twitter_title":"The Trees have Eyes |","twitter_description":"Shop | The Trees have Eyes | 2021 | M-Square Pictures | Blu-Ray, DVD | FSK 18","twitter_image":"https:\/\/ucm.one\/wp-content\/uploads\/2000\/01\/C-The-trees-have-eyes-DVD-2D-FSK18.jpg","twitter_misc":{"Gesch\u00e4tzte Lesezeit":"1\u00a0Minute"},"schema":{"@context":"https:\/\/schema.org","@graph":[{"@type":"WebPage","@id":"https:\/\/ucm.one\/de\/produkt\/the-trees-have-eyes\/","url":"https:\/\/ucm.one\/de\/produkt\/the-trees-have-eyes\/","name":"The Trees have Eyes","isPartOf":{"@id":"https:\/\/ucm.one\/de\/#website"},"primaryImageOfPage":{"@id":"https:\/\/ucm.one\/de\/produkt\/the-trees-have-eyes\/#primaryimage"},"image":{"@id":"https:\/\/ucm.one\/de\/produkt\/the-trees-have-eyes\/#primaryimage"},"thumbnailUrl":"https:\/\/ucm.one\/wp-content\/uploads\/2000\/01\/C-The-Trees-have-Eyes-DVD-2D-FSK18.jpg","datePublished":"2021-07-16T10:42:24+00:00","dateModified":"2023-06-18T13:22:56+00:00","description":"Shop | The Trees have Eyes | 2021 | M-Square Pictures | Blu-Ray, DVD | FSK 18","breadcrumb":{"@id":"https:\/\/ucm.one\/de\/produkt\/the-trees-have-eyes\/#breadcrumb"},"inLanguage":"de","potentialAction":[{"@type":"ReadAction","target":["https:\/\/ucm.one\/de\/produkt\/the-trees-have-eyes\/"]}]},{"@type":"ImageObject","inLanguage":"de","@id":"https:\/\/ucm.one\/de\/produkt\/the-trees-have-eyes\/#primaryimage","url":"https:\/\/ucm.one\/wp-content\/uploads\/2000\/01\/C-The-Trees-have-Eyes-DVD-2D-FSK18.jpg","contentUrl":"https:\/\/ucm.one\/wp-content\/uploads\/2000\/01\/C-The-Trees-have-Eyes-DVD-2D-FSK18.jpg","width":699,"height":1000},{"@type":"BreadcrumbList","@id":"https:\/\/ucm.one\/de\/produkt\/the-trees-have-eyes\/#breadcrumb","itemListElement":[{"@type":"ListItem","position":1,"name":"Home","item":"https:\/\/ucm.one\/de\/"},{"@type":"ListItem","position":2,"name":"Shop","item":"https:\/\/ucm.one\/de\/shop\/"},{"@type":"ListItem","position":3,"name":"The Trees have Eyes"}]},{"@type":"WebSite","@id":"https:\/\/ucm.one\/de\/#website","url":"https:\/\/ucm.one\/de\/","name":"UCM.ONE","description":"","publisher":{"@id":"https:\/\/ucm.one\/de\/#organization"},"potentialAction":[{"@type":"SearchAction","target":{"@type":"EntryPoint","urlTemplate":"https:\/\/ucm.one\/de\/?s={search_term_string}"},"query-input":{"@type":"PropertyValueSpecification","valueRequired":true,"valueName":"search_term_string"}}],"inLanguage":"de"},{"@type":"Organization","@id":"https:\/\/ucm.one\/de\/#organization","name":"UCM.ONE","url":"https:\/\/ucm.one\/de\/","logo":{"@type":"ImageObject","inLanguage":"de","@id":"https:\/\/ucm.one\/de\/#\/schema\/logo\/image\/","url":"https:\/\/ucm.one\/wp-content\/uploads\/2019\/10\/UCM.ONE-Logo-RGB.svg","contentUrl":"https:\/\/ucm.one\/wp-content\/uploads\/2019\/10\/UCM.ONE-Logo-RGB.svg","width":1,"height":1,"caption":"UCM.ONE"},"image":{"@id":"https:\/\/ucm.one\/de\/#\/schema\/logo\/image\/"}}]}},"_links":{"self":[{"href":"https:\/\/ucm.one\/de\/wp-json\/wp\/v2\/product\/75256","targetHints":{"allow":["GET"]}}],"collection":[{"href":"https:\/\/ucm.one\/de\/wp-json\/wp\/v2\/product"}],"about":[{"href":"https:\/\/ucm.one\/de\/wp-json\/wp\/v2\/types\/product"}],"replies":[{"embeddable":true,"href":"https:\/\/ucm.one\/de\/wp-json\/wp\/v2\/comments?post=75256"}],"wp:featuredmedia":[{"embeddable":true,"href":"https:\/\/ucm.one\/de\/wp-json\/wp\/v2\/media\/75359"}],"wp:attachment":[{"href":"https:\/\/ucm.one\/de\/wp-json\/wp\/v2\/media?parent=75256"}],"wp:term":[{"taxonomy":"product_brand","embeddable":true,"href":"https:\/\/ucm.one\/de\/wp-json\/wp\/v2\/product_brand?post=75256"},{"taxonomy":"product_cat","embeddable":true,"href":"https:\/\/ucm.one\/de\/wp-json\/wp\/v2\/product_cat?post=75256"},{"taxonomy":"product_tag","embeddable":true,"href":"https:\/\/ucm.one\/de\/wp-json\/wp\/v2\/product_tag?post=75256"}],"curies":[{"name":"wp","href":"https:\/\/api.w.org\/{rel}","templated":true}]}}

<div class="wpb_text_column wpb_content_element ">
<div class="wpb_wrapper">
<div class="">
<div class="wpb_text_column wpb_content_element ">
<div class="wpb_wrapper">
<div class="wpb_text_column wpb_content_element ">
<div class="wpb_wrapper">
<div class="wpb_text_column wpb_content_element ">
<div class="wpb_wrapper">
<p style="font-weight: 400;"><span style="font-weight: 400;">Auf der Jagd nach einem flüchtigen Gewaltverbrecher, begibt sich eine Gruppe von schwer bewaffneten Kopfgeldjägern unter der Führung von Bosk (<strong>Tony Moran</strong>) und Henry (<strong>Timothy Patrick Quill</strong>) in die weiten Wälder Neuenglands. Während sie der Spur des Mörders folgen, trifft die Gruppe auf Wanderer und andere Camper, die von seltsamen Geschehnissen im Wald berichten. Zunächst schenken Sie den Warnungen vor lebenden Toten und wandelnden Leichen keine Beachtung, doch schon in der ersten Nacht werden sie plötzlich attackiert. Ohne einen Unterschlupf und ohne Hilfe von außen scheint der Überlebenskampf gegen die blutrünstigen Zombies aussichtslos…</span></p>
</div>
</div>
</div>
</div>
</div>
</div>
</div>
</div>
</div>
<div><div class="gap" style="line-height: 20px; height: 20px;"></div></div>
<h5>Weitere Informationen</h5>
<div>
<div>
<table style="height: 46px; width: 100%; border-collapse: collapse; border-color: #ffffff; background-color: #ffffff; border-style: hidden;">
<tbody>
<tr style="height: 23px;">
<td style="width: 4.701195219123506%; height: 23px; border-style: hidden;">Label:</td>
<td style="width: 95.29880478087651%; height: 23px; border-style: hidden;"><a title="M-Square Pictures" href="https://ucm.one/de/film-labels/m-square-pictures">M-Square Pictures</a></td>
</tr>
</tbody>
</table>
</div>
<div></div>
</div>
<div>
<div><div class="gap" style="line-height: 10px; height: 10px;"></div></div>
<div>℗ 2020 <strong>Cyfuno Ventures, Lock it Down Productions</strong>, © 2021 <strong>M-Square Pictures</strong> / <span style="font-family: 'arial black', sans-serif;"><strong>UCM.ONE</strong></span></div>
<div><div class="gap" style="line-height: 20px; height: 20px;"></div></div>
<div>
<div></div>
<div>
<div><div class="gap" style="line-height: 10px; height: 10px;"></div></div>
<div><span style="color: #003a80;"><strong>➠ <a style="color: #003a80;" href="https://ucm.one/de/produkt-kategorie/art-de/filme-de/">zum Shop</a></strong></span></div>
<div><div class="gap" style="line-height: 20px; height: 20px;"></div></div>
</div>
</div>
</div>

<!-- This site is optimized with the Yoast SEO plugin v27.5 - https://yoast.com/product/yoast-seo-wordpress/ -->
<title>The Trees have Eyes</title>
<meta name="description" content="Shop | The Trees have Eyes | 2021 | M-Square Pictures | Blu-Ray, DVD | FSK 18" />
<meta name="robots" content="index, follow, max-snippet:-1, max-image-preview:large, max-video-preview:-1" />
<link rel="canonical" href="https://ucm.one/de/produkt/the-trees-have-eyes/" />
<meta property="og:locale" content="de_DE" />
<meta property="og:type" content="article" />
<meta property="og:title" content="The Trees have Eyes" />
<meta property="og:description" content="Shop | The Trees have Eyes | 2021 | M-Square Pictures | Blu-Ray, DVD | FSK 18" />
<meta property="og:url" content="https://ucm.one/de/produkt/the-trees-have-eyes/" />
<meta property="og:site_name" content="UCM.ONE" />
<meta property="article:modified_time" content="2023-06-18T13:22:56+00:00" />
<meta property="og:image" content="https://ucm.one/wp-content/uploads/2000/01/C-The-trees-have-eyes-DVD-2D-FSK18.jpg" />
<meta name="twitter:card" content="summary_large_image" />
<meta name="twitter:title" content="The Trees have Eyes |" />
<meta name="twitter:description" content="Shop | The Trees have Eyes | 2021 | M-Square Pictures | Blu-Ray, DVD | FSK 18" />
<meta name="twitter:image" content="https://ucm.one/wp-content/uploads/2000/01/C-The-trees-have-eyes-DVD-2D-FSK18.jpg" />
<meta name="twitter:label1" content="Geschätzte Lesezeit" />
	<meta name="twitter:data1" content="1 Minute" />
<!-- / Yoast SEO plugin. -->
