{"id":73463,"date":"2020-09-25T23:15:35","date_gmt":"2020-09-25T23:15:35","guid":{"rendered":"https:\/\/ucm.one\/?post_type=product&#038;p=73463"},"modified":"2025-10-11T22:07:09","modified_gmt":"2025-10-11T22:07:09","slug":"a-night-of-horror-nightmare-radio","status":"publish","type":"product","link":"https:\/\/ucm.one\/de\/produkt\/a-night-of-horror-nightmare-radio\/","title":{"rendered":"A Night Of Horror &#8211; Nightmare Radio"},"content":{"rendered":"<div class=\"wpb_text_column wpb_content_element \">\n<div class=\"wpb_wrapper\">\n<div class=\"\">\n<div class=\"wpb_text_column wpb_content_element \">\n<div class=\"wpb_wrapper\">\n<div class=\"wpb_text_column wpb_content_element \">\n<div class=\"wpb_wrapper\">\n<div class=\"wpb_text_column wpb_content_element \">\n<div class=\"wpb_wrapper\">\n<div class=\"wpb_text_column wpb_content_element \">\n<div class=\"wpb_wrapper\">\n<p>Am sp\u00e4ten Abend unterh\u00e4lt Radiomoderator Rod (<strong>James Wright)<\/strong> die H\u00f6rer seiner Call-in-Radioshow mit makabren Geschichten: \u00dcber eine Frau (<strong>Marem Hassler<\/strong>), die die Haut anderer Leute tragen muss, um \u00fcberhaupt gesehen zu werden; von Mary (<strong>Stella Charrington<\/strong>), deren Mutter ihr gegen ihren Willen beibringt, Leichen zu fotografieren; dann gibt es den Friseur Silvio (<strong>David Nerman<\/strong>), der ein Hollywood-Starlet (<strong>Ingrid Falaise<\/strong>) auf grausame Weise davon \u00fcberzeugt, dass er f\u00fcr ihre Karriere verantwortlich ist; weiter gibt es den M\u00f6rder Willie Bingham (<strong>Kevin Dee<\/strong>),der eine Frau get\u00f6tet hat und nun f\u00fcr sein Verbrechen bestraft werden soll, indem ihm die Gliedma\u00dfen amputiert werden; als n\u00e4chstes erz\u00e4hlt er von der T\u00e4nzerin Marta (<strong>Marina Romero<\/strong>), die ihre Wohnung mit einem besonders fiesen D\u00e4mon zu teilen scheint; ein anderer D\u00e4mon (<strong>Strange Dave<\/strong>) lockt ein kleines M\u00e4dchen (<strong>Abbi Chally<\/strong>) zur Leiche ihrer Mutter (<strong>Mellisa Chally<\/strong>); er erz\u00e4hlt von einem J\u00e4ger (<strong>Ram\u00f3n G. del Pomar<\/strong>), dessen Opfer eine junge Frau (<strong>Mar\u00eda Forqu\u00e9<\/strong>) ist, und schlie\u00dflich gibt es noch die Geschichte von Lydia (<strong>Rachel Winters<\/strong>), die in ihrer Wohnung zu Tode erschreckt wird.<\/p>\n<\/div>\n<\/div>\n<div class=\"wpb_text_column wpb_content_element \">\n<div class=\"wpb_wrapper\">\n<p>W\u00e4hrend er all diese Geschichten erz\u00e4hlt, bemerkt Rod mehr und mehr, dass in seinem Studio irgendetwas vor sich geht. Und es hat alles mit seinen eigenen Verfehlungen zu tun\u2026<\/p>\n<\/div>\n<\/div>\n<\/div>\n<\/div>\n<\/div>\n<\/div>\n<\/div>\n<\/div>\n<\/div>\n<\/div>\n<\/div>\n<div><div class=\"gap\" style=\"line-height: 20px; height: 20px;\"><\/div><\/div>\n<h5>Weitere Informationen<\/h5>\n<div>\n<div>\n<table style=\"height: 46px; width: 100%; border-collapse: collapse; border-color: #ffffff; background-color: #ffffff; border-style: hidden;\">\n<tbody>\n<tr style=\"height: 23px; border-style: hidden; border-color: #ffffff; background-color: #ffffff;\">\n<td style=\"width: 4.701195219123506%; height: 23px; border-style: hidden;\">Film:<\/td>\n<td style=\"width: 95.29880478087651%; height: 23px; border-style: hidden;\"><a title=\"A Night of Horror: Nightmare Radio\" href=\"https:\/\/ucm.one\/de\/a-night-of-horror-nightmare-radio\/\">A Night of Horror: Nightmare Radio<\/a><\/td>\n<\/tr>\n<tr style=\"height: 23px;\">\n<td style=\"width: 4.701195219123506%; height: 23px; border-style: hidden;\">Label:<\/td>\n<td style=\"width: 95.29880478087651%; height: 23px; border-style: hidden;\"><a title=\"M-Square Pictures\" href=\"https:\/\/ucm.one\/de\/film-labels\/m-square-pictures\">M-Square Pictures<\/a><\/td>\n<\/tr>\n<\/tbody>\n<\/table>\n<\/div>\n<div><\/div>\n<\/div>\n<div>\n<div><div class=\"gap\" style=\"line-height: 10px; height: 10px;\"><\/div><\/div>\n<div>\u2117 2019 <strong>Black Mandala<\/strong>, \u00a9 2020\u00a0<strong>M-Square Pictures<\/strong> \/ <span style=\"font-family: 'arial black', sans-serif;\"><strong>UCM.ONE<\/strong><\/span><\/div>\n<div><div class=\"gap\" style=\"line-height: 20px; height: 20px;\"><\/div><\/div>\n<div>\n<div><\/div>\n<div>\n<div><div class=\"gap\" style=\"line-height: 10px; height: 10px;\"><\/div><\/div>\n<div><span style=\"color: #003a80;\"><strong>\u27a0 <a style=\"color: #003a80;\" href=\"https:\/\/ucm.one\/de\/produkt-kategorie\/art-de\/filme-de\/\">zum Shop<\/a><\/strong><\/span><\/div>\n<div><div class=\"gap\" style=\"line-height: 20px; height: 20px;\"><\/div><\/div>\n<\/div>\n<\/div>\n<\/div>\n","protected":false},"excerpt":{"rendered":"<p>Konzept: <a title=\"Michael Kraetzer\" href=\"https:\/\/ucm.one\/de\/?s=%22Michael+Kraetzer%22&amp;post_type=product\"><strong>Michael Kraetzer<\/strong><\/a><\/p>\n<p>Label: <a title=\"M-Square Pictures\" href=\"https:\/\/ucm.one\/de\/produkt-kategorie\/label-film-de\/m-square-pictures-de\"><strong>M-Square Pictures<\/strong><\/a><\/p>\n<p>Art:\u00a0<strong><a href=\"https:\/\/ucm.one\/de\/produkt-kategorie\/art-de\/filme-de\/\">Film<\/a> (Spielfilm)<\/strong><\/p>\n<p>Genre:\u00a0<b><a href=\"https:\/\/ucm.one\/de\/produkt-kategorie\/genre-film-de\/horror-de\/\">Horror<\/a><\/b><\/p>\n<p>Jahr: <strong>2019<\/strong><\/p>\n<p>FSK: <strong>18<\/strong><\/p>\n<p>Formate: <strong>Diverse<\/strong><\/p>\n","protected":false},"featured_media":73464,"comment_status":"open","ping_status":"closed","template":"","meta":{"_acf_changed":false},"product_brand":[],"product_cat":[9708,10323,10327,10331,10332],"product_tag":[13551,13552,13553,10325,13554,13555,13556,13557,10349,13558,13559,12687,13560,13550,13561],"class_list":{"0":"post-73463","1":"product","2":"type-product","3":"status-publish","4":"has-post-thumbnail","6":"product_cat-filme-de","7":"product_cat-m-square-pictures-de","8":"product_cat-horror-de","9":"product_cat-dvd-de","10":"product_cat-blu-ray-de","11":"product_tag-nightmare-radio","12":"product_tag-tales-from-the-crypt","13":"product_tag-jason-bognacki","14":"product_tag-m-square-pictures","15":"product_tag-a-j-briones","16":"product_tag-joshua-long","17":"product_tag-sergio-morcillo","18":"product_tag-adam-obrien","19":"product_tag-horror","20":"product_tag-luciano-onetti","21":"product_tag-nicolas-onetti","22":"product_tag-black-mandala","23":"product_tag-pablo-s-pastor","24":"product_tag-a-night-of-horror","25":"product_tag-matthew-richards","26":"pa_format-blu-ray-de","27":"pa_format-dvd","28":"description-off","30":"first","31":"instock","32":"sale","33":"taxable","34":"shipping-taxable","35":"purchasable","36":"product-type-variable"},"acf":[],"yoast_head":"<!-- This site is optimized with the Yoast SEO plugin v27.5 - https:\/\/yoast.com\/product\/yoast-seo-wordpress\/ -->\n<title>A Night of Horror: Nightmare Radio<\/title>\n<meta name=\"description\" content=\"Shop | A Night of Horror: Nightmare Radio | 2020 | M-Square Pictures | Blu-Ray, DVD | FSK 18\" \/>\n<meta name=\"robots\" content=\"index, follow, max-snippet:-1, max-image-preview:large, max-video-preview:-1\" \/>\n<link rel=\"canonical\" href=\"https:\/\/ucm.one\/de\/produkt\/a-night-of-horror-nightmare-radio\/\" \/>\n<meta property=\"og:locale\" content=\"de_DE\" \/>\n<meta property=\"og:type\" content=\"article\" \/>\n<meta property=\"og:title\" content=\"A Night of Horror: Nightmare Radio\" \/>\n<meta property=\"og:description\" content=\"Shop | A Night of Horror: Nightmare Radio | 2020 | M-Square Pictures | Blu-Ray, DVD | FSK 18\" \/>\n<meta property=\"og:url\" content=\"https:\/\/ucm.one\/de\/produkt\/a-night-of-horror-nightmare-radio\/\" \/>\n<meta property=\"og:site_name\" content=\"UCM.ONE\" \/>\n<meta property=\"article:modified_time\" content=\"2025-10-11T22:07:09+00:00\" \/>\n<meta property=\"og:image\" content=\"https:\/\/ucm.one\/wp-content\/uploads\/2019\/12\/P-A-Night-of-Horror-Nightmare-Radio.jpg\" \/>\n<meta name=\"twitter:card\" content=\"summary_large_image\" \/>\n<meta name=\"twitter:title\" content=\"A Night of Horror: Nightmare Radio\" \/>\n<meta name=\"twitter:description\" content=\"Shop | A Night of Horror: Nightmare Radio | 2020 | M-Square Pictures | Blu-Ray, DVD | FSK 18\" \/>\n<meta name=\"twitter:image\" content=\"https:\/\/ucm.one\/wp-content\/uploads\/2019\/12\/P-A-Night-of-Horror-Nightmare-Radio.jpg\" \/>\n<meta name=\"twitter:label1\" content=\"Gesch\u00e4tzte Lesezeit\" \/>\n\t<meta name=\"twitter:data1\" content=\"1\u00a0Minute\" \/>\n<!-- \/ Yoast SEO plugin. -->","yoast_head_json":{"title":"A Night of Horror: Nightmare Radio","description":"Shop | A Night of Horror: Nightmare Radio | 2020 | M-Square Pictures | Blu-Ray, DVD | FSK 18","robots":{"index":"index","follow":"follow","max-snippet":"max-snippet:-1","max-image-preview":"max-image-preview:large","max-video-preview":"max-video-preview:-1"},"canonical":"https:\/\/ucm.one\/de\/produkt\/a-night-of-horror-nightmare-radio\/","og_locale":"de_DE","og_type":"article","og_title":"A Night of Horror: Nightmare Radio","og_description":"Shop | A Night of Horror: Nightmare Radio | 2020 | M-Square Pictures | Blu-Ray, DVD | FSK 18","og_url":"https:\/\/ucm.one\/de\/produkt\/a-night-of-horror-nightmare-radio\/","og_site_name":"UCM.ONE","article_modified_time":"2025-10-11T22:07:09+00:00","og_image":[{"url":"https:\/\/ucm.one\/wp-content\/uploads\/2019\/12\/P-A-Night-of-Horror-Nightmare-Radio.jpg","type":"","width":"","height":""}],"twitter_card":"summary_large_image","twitter_title":"A Night of Horror: Nightmare Radio","twitter_description":"Shop | A Night of Horror: Nightmare Radio | 2020 | M-Square Pictures | Blu-Ray, DVD | FSK 18","twitter_image":"https:\/\/ucm.one\/wp-content\/uploads\/2019\/12\/P-A-Night-of-Horror-Nightmare-Radio.jpg","twitter_misc":{"Gesch\u00e4tzte Lesezeit":"1\u00a0Minute"},"schema":{"@context":"https:\/\/schema.org","@graph":[{"@type":"WebPage","@id":"https:\/\/ucm.one\/de\/produkt\/a-night-of-horror-nightmare-radio\/","url":"https:\/\/ucm.one\/de\/produkt\/a-night-of-horror-nightmare-radio\/","name":"A Night of Horror: Nightmare Radio","isPartOf":{"@id":"https:\/\/ucm.one\/de\/#website"},"primaryImageOfPage":{"@id":"https:\/\/ucm.one\/de\/produkt\/a-night-of-horror-nightmare-radio\/#primaryimage"},"image":{"@id":"https:\/\/ucm.one\/de\/produkt\/a-night-of-horror-nightmare-radio\/#primaryimage"},"thumbnailUrl":"https:\/\/ucm.one\/wp-content\/uploads\/2022\/08\/A-Night-of-Horror-DVD-2D-FSK18.jpg","datePublished":"2020-09-25T23:15:35+00:00","dateModified":"2025-10-11T22:07:09+00:00","description":"Shop | A Night of Horror: Nightmare Radio | 2020 | M-Square Pictures | Blu-Ray, DVD | FSK 18","breadcrumb":{"@id":"https:\/\/ucm.one\/de\/produkt\/a-night-of-horror-nightmare-radio\/#breadcrumb"},"inLanguage":"de","potentialAction":[{"@type":"ReadAction","target":["https:\/\/ucm.one\/de\/produkt\/a-night-of-horror-nightmare-radio\/"]}]},{"@type":"ImageObject","inLanguage":"de","@id":"https:\/\/ucm.one\/de\/produkt\/a-night-of-horror-nightmare-radio\/#primaryimage","url":"https:\/\/ucm.one\/wp-content\/uploads\/2022\/08\/A-Night-of-Horror-DVD-2D-FSK18.jpg","contentUrl":"https:\/\/ucm.one\/wp-content\/uploads\/2022\/08\/A-Night-of-Horror-DVD-2D-FSK18.jpg","width":699,"height":1000},{"@type":"BreadcrumbList","@id":"https:\/\/ucm.one\/de\/produkt\/a-night-of-horror-nightmare-radio\/#breadcrumb","itemListElement":[{"@type":"ListItem","position":1,"name":"Home","item":"https:\/\/ucm.one\/de\/"},{"@type":"ListItem","position":2,"name":"Shop","item":"https:\/\/ucm.one\/de\/shop\/"},{"@type":"ListItem","position":3,"name":"A Night Of Horror &#8211; Nightmare Radio"}]},{"@type":"WebSite","@id":"https:\/\/ucm.one\/de\/#website","url":"https:\/\/ucm.one\/de\/","name":"UCM.ONE","description":"","publisher":{"@id":"https:\/\/ucm.one\/de\/#organization"},"potentialAction":[{"@type":"SearchAction","target":{"@type":"EntryPoint","urlTemplate":"https:\/\/ucm.one\/de\/?s={search_term_string}"},"query-input":{"@type":"PropertyValueSpecification","valueRequired":true,"valueName":"search_term_string"}}],"inLanguage":"de"},{"@type":"Organization","@id":"https:\/\/ucm.one\/de\/#organization","name":"UCM.ONE","url":"https:\/\/ucm.one\/de\/","logo":{"@type":"ImageObject","inLanguage":"de","@id":"https:\/\/ucm.one\/de\/#\/schema\/logo\/image\/","url":"https:\/\/ucm.one\/wp-content\/uploads\/2019\/10\/UCM.ONE-Logo-RGB.svg","contentUrl":"https:\/\/ucm.one\/wp-content\/uploads\/2019\/10\/UCM.ONE-Logo-RGB.svg","width":1,"height":1,"caption":"UCM.ONE"},"image":{"@id":"https:\/\/ucm.one\/de\/#\/schema\/logo\/image\/"}}]}},"_links":{"self":[{"href":"https:\/\/ucm.one\/de\/wp-json\/wp\/v2\/product\/73463","targetHints":{"allow":["GET"]}}],"collection":[{"href":"https:\/\/ucm.one\/de\/wp-json\/wp\/v2\/product"}],"about":[{"href":"https:\/\/ucm.one\/de\/wp-json\/wp\/v2\/types\/product"}],"replies":[{"embeddable":true,"href":"https:\/\/ucm.one\/de\/wp-json\/wp\/v2\/comments?post=73463"}],"wp:featuredmedia":[{"embeddable":true,"href":"https:\/\/ucm.one\/de\/wp-json\/wp\/v2\/media\/73464"}],"wp:attachment":[{"href":"https:\/\/ucm.one\/de\/wp-json\/wp\/v2\/media?parent=73463"}],"wp:term":[{"taxonomy":"product_brand","embeddable":true,"href":"https:\/\/ucm.one\/de\/wp-json\/wp\/v2\/product_brand?post=73463"},{"taxonomy":"product_cat","embeddable":true,"href":"https:\/\/ucm.one\/de\/wp-json\/wp\/v2\/product_cat?post=73463"},{"taxonomy":"product_tag","embeddable":true,"href":"https:\/\/ucm.one\/de\/wp-json\/wp\/v2\/product_tag?post=73463"}],"curies":[{"name":"wp","href":"https:\/\/api.w.org\/{rel}","templated":true}]}}

<div class="wpb_text_column wpb_content_element ">
<div class="wpb_wrapper">
<div class="">
<div class="wpb_text_column wpb_content_element ">
<div class="wpb_wrapper">
<div class="wpb_text_column wpb_content_element ">
<div class="wpb_wrapper">
<div class="wpb_text_column wpb_content_element ">
<div class="wpb_wrapper">
<div class="wpb_text_column wpb_content_element ">
<div class="wpb_wrapper">
<p>Am späten Abend unterhält Radiomoderator Rod (<strong>James Wright)</strong> die Hörer seiner Call-in-Radioshow mit makabren Geschichten: Über eine Frau (<strong>Marem Hassler</strong>), die die Haut anderer Leute tragen muss, um überhaupt gesehen zu werden; von Mary (<strong>Stella Charrington</strong>), deren Mutter ihr gegen ihren Willen beibringt, Leichen zu fotografieren; dann gibt es den Friseur Silvio (<strong>David Nerman</strong>), der ein Hollywood-Starlet (<strong>Ingrid Falaise</strong>) auf grausame Weise davon überzeugt, dass er für ihre Karriere verantwortlich ist; weiter gibt es den Mörder Willie Bingham (<strong>Kevin Dee</strong>),der eine Frau getötet hat und nun für sein Verbrechen bestraft werden soll, indem ihm die Gliedmaßen amputiert werden; als nächstes erzählt er von der Tänzerin Marta (<strong>Marina Romero</strong>), die ihre Wohnung mit einem besonders fiesen Dämon zu teilen scheint; ein anderer Dämon (<strong>Strange Dave</strong>) lockt ein kleines Mädchen (<strong>Abbi Chally</strong>) zur Leiche ihrer Mutter (<strong>Mellisa Chally</strong>); er erzählt von einem Jäger (<strong>Ramón G. del Pomar</strong>), dessen Opfer eine junge Frau (<strong>María Forqué</strong>) ist, und schließlich gibt es noch die Geschichte von Lydia (<strong>Rachel Winters</strong>), die in ihrer Wohnung zu Tode erschreckt wird.</p>
</div>
</div>
<div class="wpb_text_column wpb_content_element ">
<div class="wpb_wrapper">
<p>Während er all diese Geschichten erzählt, bemerkt Rod mehr und mehr, dass in seinem Studio irgendetwas vor sich geht. Und es hat alles mit seinen eigenen Verfehlungen zu tun…</p>
</div>
</div>
</div>
</div>
</div>
</div>
</div>
</div>
</div>
</div>
</div>
<div><div class="gap" style="line-height: 20px; height: 20px;"></div></div>
<h5>Weitere Informationen</h5>
<div>
<div>
<table style="height: 46px; width: 100%; border-collapse: collapse; border-color: #ffffff; background-color: #ffffff; border-style: hidden;">
<tbody>
<tr style="height: 23px; border-style: hidden; border-color: #ffffff; background-color: #ffffff;">
<td style="width: 4.701195219123506%; height: 23px; border-style: hidden;">Film:</td>
<td style="width: 95.29880478087651%; height: 23px; border-style: hidden;"><a title="A Night of Horror: Nightmare Radio" href="https://ucm.one/de/a-night-of-horror-nightmare-radio/">A Night of Horror: Nightmare Radio</a></td>
</tr>
<tr style="height: 23px;">
<td style="width: 4.701195219123506%; height: 23px; border-style: hidden;">Label:</td>
<td style="width: 95.29880478087651%; height: 23px; border-style: hidden;"><a title="M-Square Pictures" href="https://ucm.one/de/film-labels/m-square-pictures">M-Square Pictures</a></td>
</tr>
</tbody>
</table>
</div>
<div></div>
</div>
<div>
<div><div class="gap" style="line-height: 10px; height: 10px;"></div></div>
<div>℗ 2019 <strong>Black Mandala</strong>, © 2020 <strong>M-Square Pictures</strong> / <span style="font-family: 'arial black', sans-serif;"><strong>UCM.ONE</strong></span></div>
<div><div class="gap" style="line-height: 20px; height: 20px;"></div></div>
<div>
<div></div>
<div>
<div><div class="gap" style="line-height: 10px; height: 10px;"></div></div>
<div><span style="color: #003a80;"><strong>➠ <a style="color: #003a80;" href="https://ucm.one/de/produkt-kategorie/art-de/filme-de/">zum Shop</a></strong></span></div>
<div><div class="gap" style="line-height: 20px; height: 20px;"></div></div>
</div>
</div>
</div>

<!-- This site is optimized with the Yoast SEO plugin v27.5 - https://yoast.com/product/yoast-seo-wordpress/ -->
<title>A Night of Horror: Nightmare Radio</title>
<meta name="description" content="Shop | A Night of Horror: Nightmare Radio | 2020 | M-Square Pictures | Blu-Ray, DVD | FSK 18" />
<meta name="robots" content="index, follow, max-snippet:-1, max-image-preview:large, max-video-preview:-1" />
<link rel="canonical" href="https://ucm.one/de/produkt/a-night-of-horror-nightmare-radio/" />
<meta property="og:locale" content="de_DE" />
<meta property="og:type" content="article" />
<meta property="og:title" content="A Night of Horror: Nightmare Radio" />
<meta property="og:description" content="Shop | A Night of Horror: Nightmare Radio | 2020 | M-Square Pictures | Blu-Ray, DVD | FSK 18" />
<meta property="og:url" content="https://ucm.one/de/produkt/a-night-of-horror-nightmare-radio/" />
<meta property="og:site_name" content="UCM.ONE" />
<meta property="article:modified_time" content="2025-10-11T22:07:09+00:00" />
<meta property="og:image" content="https://ucm.one/wp-content/uploads/2019/12/P-A-Night-of-Horror-Nightmare-Radio.jpg" />
<meta name="twitter:card" content="summary_large_image" />
<meta name="twitter:title" content="A Night of Horror: Nightmare Radio" />
<meta name="twitter:description" content="Shop | A Night of Horror: Nightmare Radio | 2020 | M-Square Pictures | Blu-Ray, DVD | FSK 18" />
<meta name="twitter:image" content="https://ucm.one/wp-content/uploads/2019/12/P-A-Night-of-Horror-Nightmare-Radio.jpg" />
<meta name="twitter:label1" content="Geschätzte Lesezeit" />
	<meta name="twitter:data1" content="1 Minute" />
<!-- / Yoast SEO plugin. -->
